{"id":315,"date":"2022-01-21T10:32:56","date_gmt":"2022-01-21T09:32:56","guid":{"rendered":"http:\/\/8790639.cos58.fr\/?page_id=315"},"modified":"2026-04-01T12:54:06","modified_gmt":"2026-04-01T10:54:06","slug":"offres-promotionnelles","status":"publish","type":"page","link":"http:\/\/8790639.cos58.fr\/?page_id=315","title":{"rendered":"Offres Promotionnelles"},"content":{"rendered":"\n<figure class=\"wp-block-image aligncenter size-full\" id=\"HAUT\"><a href=\"http:\/\/8790639.cos58.fr\/\"><img loading=\"lazy\" decoding=\"async\" width=\"1200\" height=\"208\" src=\"http:\/\/8790639.cos58.fr\/wp-content\/uploads\/2023\/08\/HEADER_OFFRES.gif\" alt=\"\" class=\"wp-image-2560\"\/><\/a><\/figure>\n\n\n\n<div class=\"wp-block-buttons is-horizontal is-content-justification-center is-layout-flex wp-container-core-buttons-is-layout-499968f5 wp-block-buttons-is-layout-flex\">\n<div class=\"wp-block-button is-style-fill\"><a class=\"wp-block-button__link has-ast-global-color-8-color has-text-color has-background wp-element-button\" href=\"http:\/\/8790639.cos58.fr\/\" style=\"border-radius:3px;background-color:#b0418f\">Accueil<\/a><\/div>\n\n\n\n<div class=\"wp-block-button is-style-fill\"><a class=\"wp-block-button__link has-ast-global-color-8-color has-text-color has-background wp-element-button\" href=\"http:\/\/8790639.cos58.fr\/?page_id=297\" style=\"border-radius:3px;background-color:#c4d024\">Voyages<\/a><\/div>\n\n\n\n<div class=\"wp-block-button is-style-fill\"><a class=\"wp-block-button__link has-ast-global-color-8-color has-text-color has-background wp-element-button\" href=\"http:\/\/8790639.cos58.fr\/?page_id=303\" style=\"border-radius:3px;background-color:#e10d7b\">Vacances<\/a><\/div>\n\n\n\n<div class=\"wp-block-button is-style-fill\"><a class=\"wp-block-button__link has-ast-global-color-8-color has-text-color has-background wp-element-button\" href=\"http:\/\/8790639.cos58.fr\/?page_id=308\" style=\"border-radius:3px;background-color:#74c6cd\">No\u00ebl<\/a><\/div>\n\n\n\n<div class=\"wp-block-button is-style-fill\"><a class=\"wp-block-button__link has-ast-global-color-8-color has-text-color has-background wp-element-button\" href=\"http:\/\/8790639.cos58.fr\/?page_id=2\" style=\"border-radius:3px;background-color:#febf10\">Culture &amp; Loisirs<\/a><\/div>\n\n\n\n<div class=\"wp-block-button\"><a class=\"wp-block-button__link has-ast-global-color-8-color has-text-color has-background wp-element-button\" href=\"http:\/\/8790639.cos58.fr\/?page_id=312\" style=\"border-radius:3px;background-color:#93c83e\">Partenaires<\/a><\/div>\n\n\n\n<div class=\"wp-block-button\"><a class=\"wp-block-button__link has-ast-global-color-8-color has-ast-global-color-5-background-color has-text-color has-background wp-element-button\" href=\"http:\/\/8790639.cos58.fr\/?page_id=315\" style=\"border-radius:3px\">Promos<\/a><\/div>\n\n\n\n<div class=\"wp-block-button\"><a class=\"wp-block-button__link has-ast-global-color-8-color has-text-color has-background wp-element-button\" href=\"http:\/\/8790639.cos58.fr\/?page_id=1984\" style=\"border-radius:3px;background-color:#ec4343\">COS Le R\u00e9seau<\/a><\/div>\n\n\n\n<div class=\"wp-block-button\"><a class=\"wp-block-button__link has-ast-global-color-8-color has-text-color has-background wp-element-button\" href=\"http:\/\/8790639.cos58.fr\/?page_id=318\" style=\"border-radius:3px;background-color:#0098a0\">Prestations Sociales<\/a><\/div>\n\n\n\n<div class=\"wp-block-button is-style-fill\"><a class=\"wp-block-button__link has-ast-global-color-8-color has-text-color has-background wp-element-button\" href=\"http:\/\/8790639.cos58.fr\/?page_id=321\" style=\"border-radius:3px;background-color:#43a648\"><mark style=\"background-color:rgba(0, 0, 0, 0);color:#43a648\" class=\"has-inline-color\">.<\/mark>A.G.<\/a><\/div>\n\n\n\n<div class=\"wp-block-button is-style-fill\"><a class=\"wp-block-button__link has-ast-global-color-8-color has-text-color has-background wp-element-button\" href=\"http:\/\/8790639.cos58.fr\/?page_id=324\" style=\"border-radius:3px;background-color:#8cc9b7\">Retrait\u00e9s et Elus<\/a><\/div>\n<\/div>\n\n\n\n<p><br><\/p>\n\n\n\n<h3 class=\"wp-block-heading has-text-align-left has-text-color\" id=\"offres-promotionnelles-dans-nos-magasins-partenaires\" style=\"color:#f1a8be\"><strong>Offres Promotionnelles<\/strong><\/h3>\n\n\n\n<p class=\"has-background\" style=\"background-color:#f1a8be\"><strong><mark style=\"background-color:rgba(0, 0, 0, 0)\" class=\"has-inline-color has-ast-global-color-5-color\">Pour b\u00e9n\u00e9ficier des r\u00e9ductions de nos magasins partenaires, vous devez pr\u00e9senter votre carte d\u2019adh\u00e9rent au COS 58.<\/mark><\/strong><\/p>\n\n\n\n<div class=\"wp-block-buttons is-content-justification-right is-layout-flex wp-container-core-buttons-is-layout-765c4724 wp-block-buttons-is-layout-flex\">\n<div class=\"wp-block-button\"><a class=\"wp-block-button__link wp-element-button\" href=\"#CAT\">Catalogue des Promotions<\/a><\/div>\n\n\n\n<div class=\"wp-block-button\"><a class=\"wp-block-button__link has-text-align-center wp-element-button\" href=\"#PONCTU\">Offres ponctuelles<\/a><\/div>\n\n\n\n<div class=\"wp-block-button\"><a class=\"wp-block-button__link wp-element-button\" href=\"#PERM\">Offres permanentes<\/a><\/div>\n<\/div>\n\n\n\n<p id=\"CAT\"><mark style=\"background-color:rgba(0, 0, 0, 0)\" class=\"has-inline-color has-ast-global-color-5-color\">&#8211;<\/mark><\/p>\n\n\n\n<h5 class=\"wp-block-heading\"><strong>CATALOGUE DES PROMOTIONS :<\/strong><\/h5>\n\n\n\n<figure class=\"wp-block-image aligncenter size-large\"><img decoding=\"async\" src=\"http:\/\/8790639.cos58.fr\/wp-content\/uploads\/2022\/01\/MIL-HT_OFFR.gif\" alt=\"\"\/><\/figure>\n\n\n\n<p><\/p>\n\n\n\n<div class=\"wp-block-media-text alignwide is-stacked-on-mobile\" style=\"grid-template-columns:15% auto\"><figure class=\"wp-block-media-text__media\"><a href=\"http:\/\/8790639.cos58.fr\/wp-content\/uploads\/2026\/04\/COS58_CATALOGUE-DES-PROMOTIONS_2026.pdf\" target=\"_blank\" rel=\" noreferrer noopener\"><img loading=\"lazy\" decoding=\"async\" width=\"326\" height=\"444\" src=\"http:\/\/8790639.cos58.fr\/wp-content\/uploads\/2026\/03\/cat6promos.gif\" alt=\"\" class=\"wp-image-4216 size-full\"\/><\/a><\/figure><div class=\"wp-block-media-text__content\">\n<p class=\"has-normal-font-size\"><strong>D\u00e9couvrez le Catalogue des Promotions COS58 !<\/strong><br>Ce catalogue reprend l\u2019ensemble des promotions du COS58 et de ses partenaires pour les voyages, vacances, culture et loisirs ainsi que les partenaires locaux et partenaires \u00e9conomiques.<br>Il est imprimable et r\u00e9guli\u00e8rement mis \u00e0 jour. <\/p>\n\n\n\n<div class=\"wp-block-buttons is-layout-flex wp-block-buttons-is-layout-flex\">\n<div class=\"wp-block-button\"><a class=\"wp-block-button__link wp-element-button\" href=\"http:\/\/8790639.cos58.fr\/wp-content\/uploads\/2026\/04\/COS58_CATALOGUE-DES-PROMOTIONS_2026.pdf\" target=\"_blank\" rel=\"noreferrer noopener\">T\u00e9l\u00e9charger le Catalogue des Promotions<\/a><\/div>\n<\/div>\n<\/div><\/div>\n\n\n\n<p><\/p>\n\n\n\n<figure class=\"wp-block-image aligncenter size-large\"><img decoding=\"async\" src=\"http:\/\/8790639.cos58.fr\/wp-content\/uploads\/2022\/01\/MIL-BS_OFFR.gif\" alt=\"\"\/><\/figure>\n\n\n\n<p><\/p>\n\n\n\n<div class=\"wp-block-buttons is-horizontal is-content-justification-right is-layout-flex wp-container-core-buttons-is-layout-ae2fe186 wp-block-buttons-is-layout-flex\">\n<div class=\"wp-block-button has-custom-font-size\" style=\"font-size:10px\"><a class=\"wp-block-button__link wp-element-button\" href=\"#HAUT\">HAUT<\/a><\/div>\n<\/div>\n\n\n\n<p id=\"PONCTU\"><mark style=\"background-color:rgba(0, 0, 0, 0)\" class=\"has-inline-color has-ast-global-color-5-color\">&#8211;<\/mark><\/p>\n\n\n\n<h5 class=\"wp-block-heading\"><strong>OFFRES PONCTUELLES :<\/strong><\/h5>\n\n\n\n<figure class=\"wp-block-image aligncenter size-large\"><img decoding=\"async\" src=\"http:\/\/8790639.cos58.fr\/wp-content\/uploads\/2022\/01\/MIL-HT_OFFR.gif\" alt=\"\"\/><\/figure>\n\n\n\n<div class=\"wp-block-media-text alignwide is-stacked-on-mobile\" style=\"grid-template-columns:15% auto\"><figure class=\"wp-block-media-text__media\"><img loading=\"lazy\" decoding=\"async\" width=\"225\" height=\"225\" src=\"http:\/\/8790639.cos58.fr\/wp-content\/uploads\/2024\/09\/images.png\" alt=\"\" class=\"wp-image-3223 size-full\" srcset=\"http:\/\/8790639.cos58.fr\/wp-content\/uploads\/2024\/09\/images.png 225w, http:\/\/8790639.cos58.fr\/wp-content\/uploads\/2024\/09\/images-150x150.png 150w\" sizes=\"auto, (max-width: 225px) 100vw, 225px\" \/><\/figure><div class=\"wp-block-media-text__content\">\n<h5 class=\"wp-block-heading\">PARFUMERIE <strong>BEAUTY SUCCESS<\/strong><\/h5>\n\n\n\n<p class=\"has-normal-font-size\"><strong><mark style=\"background-color:#f1a8be;color:#f1a8be\" class=\"has-inline-color\">.<\/mark><mark style=\"background-color:#f1a8be\" class=\"has-inline-color\">OFFRE <\/mark><mark style=\"background-color:#f1a8be\" class=\"has-inline-color\">VALABLE JUSQU&rsquo;AU 4 MAI 2026<\/mark><mark style=\"background-color:#f1a8be;color:#f1a8be\" class=\"has-inline-color\">.<\/mark><\/strong><\/p>\n\n\n\n<p class=\"has-normal-font-size\">Beauty Success vous propose des parfums et autre produits pour les femmes, hommes et les enfants \u00e0 des tarifs pr\u00e9f\u00e9rentiels.<br><strong><mark style=\"background-color:rgba(0, 0, 0, 0);color:#f1a8be\" class=\"has-inline-color\">&gt;<\/mark>&nbsp;<a href=\"http:\/\/8790639.cos58.fr\/wp-content\/uploads\/2026\/03\/BEAUTY-SUCCESS-Catalogue-Parfums-Mars-2026.pdf\" target=\"_blank\" rel=\"noreferrer noopener\">D\u00e9couvrir les tarifs ici<\/a><\/strong><br><strong><mark style=\"background-color:rgba(0, 0, 0, 0);color:#f1a8be\" class=\"has-inline-color\">&gt;<\/mark>&nbsp;<a href=\"http:\/\/8790639.cos58.fr\/wp-content\/uploads\/2026\/03\/BEAUTY-SUCCESS-Chanel-CE1-2026.pdf\" target=\"_blank\" rel=\"noreferrer noopener\">D\u00e9couvrir les tarifs CHANEL ici<\/a><\/strong><\/p>\n\n\n\n<div class=\"wp-block-buttons is-layout-flex wp-block-buttons-is-layout-flex\">\n<div class=\"wp-block-button\"><a class=\"wp-block-button__link wp-element-button\" href=\"http:\/\/8790639.cos58.fr\/wp-content\/uploads\/2026\/03\/BON-DE-COMMANDE-PARFUMS.pdf\" target=\"_blank\" rel=\"noreferrer noopener\">Bon de commande<\/a><\/div>\n<\/div>\n<\/div><\/div>\n\n\n\n<figure class=\"wp-block-image aligncenter size-large\"><img decoding=\"async\" src=\"http:\/\/8790639.cos58.fr\/wp-content\/uploads\/2022\/01\/MIL-BS_OFFR.gif\" alt=\"\"\/><\/figure>\n\n\n\n<p><\/p>\n\n\n\n<div class=\"wp-block-buttons is-horizontal is-content-justification-right is-layout-flex wp-container-core-buttons-is-layout-ae2fe186 wp-block-buttons-is-layout-flex\">\n<div class=\"wp-block-button has-custom-font-size\" style=\"font-size:10px\"><a class=\"wp-block-button__link wp-element-button\" href=\"#HAUT\">HAUT<\/a><\/div>\n<\/div>\n\n\n\n<p id=\"PERM\"><mark style=\"background-color:rgba(0, 0, 0, 0)\" class=\"has-inline-color has-ast-global-color-5-color\">&#8211;<\/mark><\/p>\n\n\n\n<h5 class=\"wp-block-heading\"><strong>OFFRES PERMANENTES :<\/strong><\/h5>\n\n\n\n<figure class=\"wp-block-image aligncenter size-large\"><img decoding=\"async\" src=\"http:\/\/8790639.cos58.fr\/wp-content\/uploads\/2022\/01\/MIL-HT_OFFR.gif\" alt=\"\"\/><\/figure>\n\n\n\n<div class=\"wp-block-media-text alignwide is-stacked-on-mobile\" style=\"grid-template-columns:15% auto\"><figure class=\"wp-block-media-text__media\"><img loading=\"lazy\" decoding=\"async\" width=\"170\" height=\"195\" src=\"http:\/\/8790639.cos58.fr\/wp-content\/uploads\/2022\/01\/ANIM-op.gif\" alt=\"\" class=\"wp-image-514 size-full\"\/><\/figure><div class=\"wp-block-media-text__content\">\n<h5 class=\"wp-block-heading\"><strong>NOS MAGASINS PARTENAIRES<\/strong><\/h5>\n\n\n\n<p class=\"has-normal-font-size\">Vous trouverez ci-dessous, la liste de nos magasins partenaires \u00e0 t\u00e9l\u00e9charger. Les promotions propos\u00e9es par les magasins sont attribu\u00e9es selon certains crit\u00e8res individuels (cf. liste) et certains crit\u00e8res collectifs soit :<br><strong><mark style=\"background-color:rgba(0, 0, 0, 0);color:#f1a8be\" class=\"has-inline-color\">&gt;<\/mark>&nbsp;Hors promotions<\/strong><br><strong><strong><mark style=\"background-color:rgba(0, 0, 0, 0);color:#f1a8be\" class=\"has-inline-color\">&gt;<\/mark><\/strong> Hors pr\u00e9sentation des bons d&rsquo;achats du COS 58<br><strong><mark style=\"background-color:rgba(0, 0, 0, 0);color:#f1a8be\" class=\"has-inline-color\">&gt;<\/mark><\/strong>&nbsp;Sur pr\u00e9sentation de la carte d&rsquo;adh\u00e9rent<\/strong><\/p>\n\n\n\n<div class=\"wp-block-buttons is-layout-flex wp-block-buttons-is-layout-flex\">\n<div class=\"wp-block-button\"><a class=\"wp-block-button__link wp-element-button\" href=\"http:\/\/8790639.cos58.fr\/wp-content\/uploads\/2026\/03\/magasins_partenaires.pdf\" target=\"_blank\" rel=\"noreferrer noopener\">Liste des Magasins Partenaires<\/a><\/div>\n<\/div>\n<\/div><\/div>\n\n\n\n<figure class=\"wp-block-image aligncenter size-large\"><img decoding=\"async\" src=\"http:\/\/8790639.cos58.fr\/wp-content\/uploads\/2022\/01\/MIL-BS_OFFR.gif\" alt=\"\"\/><\/figure>\n\n\n\n<p><\/p>\n\n\n\n<div class=\"wp-block-buttons is-horizontal is-content-justification-right is-layout-flex wp-container-core-buttons-is-layout-ae2fe186 wp-block-buttons-is-layout-flex\">\n<div class=\"wp-block-button has-custom-font-size\" style=\"font-size:10px\"><a class=\"wp-block-button__link wp-element-button\" href=\"#HAUT\">HAUT<\/a><\/div>\n<\/div>\n\n\n\n<p><mark style=\"background-color:rgba(0, 0, 0, 0)\" class=\"has-inline-color has-ast-global-color-5-color\">&#8211;<\/mark><\/p>\n\n\n\n<h4 class=\"wp-block-heading has-text-align-center has-ast-global-color-5-color has-text-color has-background has-link-color wp-elements-3e85a3887b297e4ee593edc16dc9d722\" style=\"background-color:#ef4136\"><strong><a href=\"http:\/\/8790639.cos58.fr\/?page_id=1984\" data-type=\"page\" data-id=\"1984\">D&rsquo;autres promotions vous attendent dans l&rsquo;onglet \u00ab\u00a0COS Le R\u00e9seau\u00a0\u00bb !<\/a><\/strong><\/h4>\n\n\n\n<p><br><span class=\"has-inline-color has-ast-global-color-5-color\">&#8211;<\/span><\/p>\n\n\n\n<p><\/p>\n","protected":false},"excerpt":{"rendered":"<p>Offres Promotionnelles Pour b\u00e9n\u00e9ficier des r\u00e9ductions de nos magasins partenaires, vous devez pr\u00e9senter votre carte d\u2019adh\u00e9rent au COS 58. &#8211; CATALOGUE DES PROMOTIONS : &#8211; OFFRES PONCTUELLES : &#8211; OFFRES PERMANENTES : &#8211; D&rsquo;autres promotions vous attendent dans l&rsquo;onglet \u00ab\u00a0COS Le R\u00e9seau\u00a0\u00bb !<\/p>\n","protected":false},"author":1,"featured_media":0,"parent":0,"menu_order":0,"comment_status":"closed","ping_status":"closed","template":"","meta":{"site-sidebar-layout":"default","site-content-layout":"default","ast-main-header-display":"","ast-hfb-above-header-display":"","ast-hfb-below-header-display":"","ast-hfb-mobile-header-display":"","site-post-title":"disabled","ast-breadcrumbs-content":"","ast-featured-img":"","footer-sml-layout":"","theme-transparent-header-meta":"","adv-header-id-meta":"","stick-header-meta":"","header-above-stick-meta":"","header-main-stick-meta":"","header-below-stick-meta":"","footnotes":""},"class_list":["post-315","page","type-page","status-publish","hentry"],"_links":{"self":[{"href":"http:\/\/8790639.cos58.fr\/index.php?rest_route=\/wp\/v2\/pages\/315","targetHints":{"allow":["GET"]}}],"collection":[{"href":"http:\/\/8790639.cos58.fr\/index.php?rest_route=\/wp\/v2\/pages"}],"about":[{"href":"http:\/\/8790639.cos58.fr\/index.php?rest_route=\/wp\/v2\/types\/page"}],"author":[{"embeddable":true,"href":"http:\/\/8790639.cos58.fr\/index.php?rest_route=\/wp\/v2\/users\/1"}],"replies":[{"embeddable":true,"href":"http:\/\/8790639.cos58.fr\/index.php?rest_route=%2Fwp%2Fv2%2Fcomments&post=315"}],"version-history":[{"count":108,"href":"http:\/\/8790639.cos58.fr\/index.php?rest_route=\/wp\/v2\/pages\/315\/revisions"}],"predecessor-version":[{"id":4248,"href":"http:\/\/8790639.cos58.fr\/index.php?rest_route=\/wp\/v2\/pages\/315\/revisions\/4248"}],"wp:attachment":[{"href":"http:\/\/8790639.cos58.fr\/index.php?rest_route=%2Fwp%2Fv2%2Fmedia&parent=315"}],"curies":[{"name":"wp","href":"https:\/\/api.w.org\/{rel}","templated":true}]}}