{"id":312,"date":"2022-01-21T10:32:02","date_gmt":"2022-01-21T09:32:02","guid":{"rendered":"http:\/\/8790639.cos58.fr\/?page_id=312"},"modified":"2026-03-29T23:08:29","modified_gmt":"2026-03-29T21:08:29","slug":"partenaires","status":"publish","type":"page","link":"http:\/\/8790639.cos58.fr\/?page_id=312","title":{"rendered":"Partenaires"},"content":{"rendered":"\n<figure class=\"wp-block-image aligncenter size-full\" id=\"HAUT\"><a href=\"http:\/\/8790639.cos58.fr\/\"><img loading=\"lazy\" decoding=\"async\" width=\"1200\" height=\"208\" src=\"http:\/\/8790639.cos58.fr\/wp-content\/uploads\/2023\/08\/HEADER_PARTENAIRES.gif\" alt=\"\" class=\"wp-image-2558\"\/><\/a><\/figure>\n\n\n\n<div class=\"wp-block-buttons is-horizontal is-content-justification-center is-layout-flex wp-container-core-buttons-is-layout-499968f5 wp-block-buttons-is-layout-flex\">\n<div class=\"wp-block-button is-style-fill\"><a class=\"wp-block-button__link has-ast-global-color-8-color has-text-color has-background wp-element-button\" href=\"http:\/\/8790639.cos58.fr\/\" style=\"border-radius:3px;background-color:#b0418f\">Accueil<\/a><\/div>\n\n\n\n<div class=\"wp-block-button is-style-fill\"><a class=\"wp-block-button__link has-ast-global-color-8-color has-text-color has-background wp-element-button\" href=\"http:\/\/8790639.cos58.fr\/?page_id=297\" style=\"border-radius:3px;background-color:#c4d024\">Voyages<\/a><\/div>\n\n\n\n<div class=\"wp-block-button is-style-fill\"><a class=\"wp-block-button__link has-ast-global-color-8-color has-text-color has-background wp-element-button\" href=\"http:\/\/8790639.cos58.fr\/?page_id=303\" style=\"border-radius:3px;background-color:#e10d7b\">Vacances<\/a><\/div>\n\n\n\n<div class=\"wp-block-button is-style-fill\"><a class=\"wp-block-button__link has-ast-global-color-8-color has-text-color has-background wp-element-button\" href=\"http:\/\/8790639.cos58.fr\/?page_id=308\" style=\"border-radius:3px;background-color:#74c6cd\">No\u00ebl<\/a><\/div>\n\n\n\n<div class=\"wp-block-button is-style-fill\"><a class=\"wp-block-button__link has-ast-global-color-8-color has-text-color has-background wp-element-button\" href=\"http:\/\/8790639.cos58.fr\/?page_id=2\" style=\"border-radius:3px;background-color:#febf10\">Culture &amp; Loisirs<\/a><\/div>\n\n\n\n<div class=\"wp-block-button\"><a class=\"wp-block-button__link has-ast-global-color-8-color has-ast-global-color-5-background-color has-text-color has-background wp-element-button\" href=\"http:\/\/8790639.cos58.fr\/?page_id=312\" style=\"border-radius:3px\">Partenaires<\/a><\/div>\n\n\n\n<div class=\"wp-block-button\"><a class=\"wp-block-button__link has-ast-global-color-8-color has-text-color has-background wp-element-button\" href=\"http:\/\/8790639.cos58.fr\/?page_id=315\" style=\"border-radius:3px;background-color:#f1a8be\">Promos<\/a><\/div>\n\n\n\n<div class=\"wp-block-button\"><a class=\"wp-block-button__link has-ast-global-color-8-color has-text-color has-background wp-element-button\" href=\"http:\/\/8790639.cos58.fr\/?page_id=1984\" style=\"border-radius:3px;background-color:#ec4343\">COS Le R\u00e9seau<\/a><\/div>\n\n\n\n<div class=\"wp-block-button\"><a class=\"wp-block-button__link has-ast-global-color-8-color has-text-color has-background wp-element-button\" href=\"http:\/\/8790639.cos58.fr\/?page_id=318\" style=\"border-radius:3px;background-color:#0098a0\">Prestations Sociales<\/a><\/div>\n\n\n\n<div class=\"wp-block-button is-style-fill\"><a class=\"wp-block-button__link has-ast-global-color-8-color has-text-color has-background wp-element-button\" href=\"http:\/\/8790639.cos58.fr\/?page_id=321\" style=\"border-radius:3px;background-color:#43a648\"><mark style=\"background-color:rgba(0, 0, 0, 0);color:#43a648\" class=\"has-inline-color\">.<\/mark>A.G.<\/a><\/div>\n\n\n\n<div class=\"wp-block-button is-style-fill\"><a class=\"wp-block-button__link has-ast-global-color-8-color has-text-color has-background wp-element-button\" href=\"http:\/\/8790639.cos58.fr\/?page_id=324\" style=\"border-radius:3px;background-color:#8cc9b7\">Retrait\u00e9s et Elus<\/a><\/div>\n<\/div>\n\n\n\n<p><br><\/p>\n\n\n\n<div class=\"wp-block-media-text alignwide is-vertically-aligned-center\" style=\"grid-template-columns:15% auto\"><figure class=\"wp-block-media-text__media\"><img loading=\"lazy\" decoding=\"async\" width=\"200\" height=\"36\" src=\"http:\/\/8790639.cos58.fr\/wp-content\/uploads\/2022\/01\/ANIM-pa.gif\" alt=\"\" class=\"wp-image-710 size-full\"\/><\/figure><div class=\"wp-block-media-text__content\">\n<h3 class=\"wp-block-heading has-text-align-right has-text-color\" id=\"nos-partenaires\" style=\"color:#93c83e\">Nos <strong>Partenaires \u00e9conomiques<\/strong><\/h3>\n<\/div><\/div>\n\n\n\n<p class=\"has-background\" style=\"background-color:#93c83e\"><strong><span class=\"has-inline-color has-ast-global-color-5-color\">Le COS 58 collabore avec des organismes de r\u00e9f\u00e9rence pour vous accompagner dans les moments cl\u00e9s de votre vie. Sant\u00e9, banque ou projets immobiliers : b\u00e9n\u00e9ficiez de l&rsquo;expertise de nos partenaires historiques.<\/span><\/strong><\/p>\n\n\n\n<figure class=\"wp-block-image aligncenter size-large\"><img decoding=\"async\" src=\"http:\/\/8790639.cos58.fr\/wp-content\/uploads\/2022\/01\/MIL-HT_PART.gif\" alt=\"\"\/><\/figure>\n\n\n\n<div class=\"wp-block-media-text alignwide is-vertically-aligned-top\" style=\"grid-template-columns:15% auto\"><figure class=\"wp-block-media-text__media\"><img loading=\"lazy\" decoding=\"async\" width=\"180\" height=\"170\" src=\"http:\/\/8790639.cos58.fr\/wp-content\/uploads\/2023\/06\/PART_CREDITMUT.gif\" alt=\"\" class=\"wp-image-2494 size-full\"\/><\/figure><div class=\"wp-block-media-text__content\">\n<p class=\"has-normal-font-size\"><strong><mark style=\"background-color:rgba(0, 0, 0, 0);color:#93c83e\" class=\"has-inline-color\">CREDIT MUTUEL<\/mark><\/strong><br><strong>M. CROISIER, Conseiller Client\u00e8le<\/strong><br>CREDIT MUTUEL NEVERS OUEST, 88 bis, rue Henri Bouquillard, 58000 NEVERS<br>T\u00e9l : 03 86 61 84 45<br>Fax : 03 86 60 40 02<\/p>\n\n\n\n<div class=\"wp-block-buttons is-layout-flex wp-block-buttons-is-layout-flex\">\n<div class=\"wp-block-button\"><a class=\"wp-block-button__link wp-element-button\" href=\"https:\/\/www.creditmutuel.fr\/fr\/particuliers\/comptes\/offre-bienvenue.html\" target=\"_blank\" rel=\"noreferrer noopener\">D\u00e9couvrir l&rsquo;offre de bienvenue<\/a><\/div>\n<\/div>\n<\/div><\/div>\n\n\n\n<figure class=\"wp-block-image aligncenter size-large\"><img decoding=\"async\" src=\"http:\/\/8790639.cos58.fr\/wp-content\/uploads\/2022\/01\/MIL-BS_PART.gif\" alt=\"\"\/><\/figure>\n\n\n\n<p><\/p>\n\n\n\n<div class=\"wp-block-buttons is-content-justification-right is-layout-flex wp-container-core-buttons-is-layout-765c4724 wp-block-buttons-is-layout-flex\">\n<div class=\"wp-block-button alignright has-custom-font-size\" style=\"font-size:10px\"><a class=\"wp-block-button__link\" href=\"#HAUT\"><strong>HAUT<\/strong><\/a><\/div>\n<\/div>\n\n\n\n<p><\/p>\n\n\n\n<figure class=\"wp-block-image aligncenter size-large\"><img decoding=\"async\" src=\"http:\/\/8790639.cos58.fr\/wp-content\/uploads\/2022\/01\/MIL-HT_PART.gif\" alt=\"\"\/><\/figure>\n\n\n\n<div class=\"wp-block-media-text alignwide is-vertically-aligned-top\" style=\"grid-template-columns:15% auto\"><figure class=\"wp-block-media-text__media\"><img loading=\"lazy\" decoding=\"async\" width=\"180\" height=\"170\" src=\"http:\/\/8790639.cos58.fr\/wp-content\/uploads\/2022\/01\/PART_HARMUT.gif\" alt=\"\" class=\"wp-image-734 size-full\"\/><\/figure><div class=\"wp-block-media-text__content\">\n<p class=\"has-normal-font-size\"><br><strong><span style=\"color:#93c83e\" class=\"has-inline-color\">HARMONIE MUTUELLE<\/span><\/strong><br>Pour tous renseignements adressez vous au secr\u00e9tariat du COS<\/p>\n<\/div><\/div>\n\n\n\n<figure class=\"wp-block-image aligncenter size-large\"><img decoding=\"async\" src=\"http:\/\/8790639.cos58.fr\/wp-content\/uploads\/2022\/01\/MIL-BS_PART.gif\" alt=\"\"\/><\/figure>\n\n\n\n<p><\/p>\n\n\n\n<div class=\"wp-block-buttons is-content-justification-right is-layout-flex wp-block-buttons-is-layout-flex\">\n<div class=\"wp-block-button has-custom-font-size\" style=\"font-size:10px\"><a class=\"wp-block-button__link\" href=\"#HAUT\"><strong>HAUT<\/strong><\/a><\/div>\n<\/div>\n\n\n\n<p><\/p>\n\n\n\n<figure class=\"wp-block-image aligncenter size-large\"><img decoding=\"async\" src=\"http:\/\/8790639.cos58.fr\/wp-content\/uploads\/2022\/01\/MIL-HT_PART.gif\" alt=\"\"\/><\/figure>\n\n\n\n<div class=\"wp-block-media-text alignwide is-vertically-aligned-top\" style=\"grid-template-columns:15% auto\"><figure class=\"wp-block-media-text__media\"><img loading=\"lazy\" decoding=\"async\" width=\"180\" height=\"170\" src=\"http:\/\/8790639.cos58.fr\/wp-content\/uploads\/2022\/01\/PART_CSF.gif\" alt=\"\" class=\"wp-image-736 size-full\"\/><\/figure><div class=\"wp-block-media-text__content\">\n<p class=\"has-normal-font-size\"><strong><span style=\"color:#93c83e\" class=\"has-inline-color\"><strong><span style=\"color:#93c83e\" class=\"has-inline-color\">CREDIT SOCIAL DES FONCTIONNAIRES<\/span><\/strong> <\/span><\/strong> <strong>OFFRES EXCLUSIVES !<\/strong><br><br><strong>PR\u00caT AIDES IMMO CSF<\/strong> : <br>Financez votre premi\u00e8re acquisition d&rsquo;un bien dans l&rsquo;ancien avec ce pr\u00eat immobilier compl\u00e9mentaire bonifi\u00e9.<\/p>\n\n\n\n<div class=\"wp-block-buttons is-layout-flex wp-block-buttons-is-layout-flex\">\n<div class=\"wp-block-button\"><a class=\"wp-block-button__link wp-element-button\" href=\"http:\/\/www.cos58.fr\/CSF OFFRE EXCLUSIVE PARTENAIRE.pdf\" target=\"_blank\" rel=\"noreferrer noopener\">D\u00e9couvrir le PR\u00caT AIDES IMMO CSF<\/a><\/div>\n<\/div>\n\n\n\n<p class=\"has-normal-font-size\"><br><br><strong>PR\u00caT IMMO NEUF CSF<\/strong> : <br>Pour votre r\u00e9sidence principale, achetez dans le neuf ! B\u00e9n\u00e9ficiez du nouveau pr\u00eat immobilier compl\u00e9mentaire subventionn\u00e9 par le CSF et la SOFIAP.<\/p>\n\n\n\n<div class=\"wp-block-buttons is-layout-flex wp-block-buttons-is-layout-flex\">\n<div class=\"wp-block-button\"><a class=\"wp-block-button__link wp-element-button\" href=\"http:\/\/www.cos58.fr\/CSF OFFRE EXCLUSIVE PARTENAIRE ACHAT NEUF.pdf\" target=\"_blank\" rel=\"noreferrer noopener\">D\u00e9couvrir le PR\u00caT IMMO NEUF CSF<\/a><\/div>\n<\/div>\n\n\n\n<p class=\"has-normal-font-size\"><br><strong>Magali REBAUD<\/strong> : disponible du lundi au jeudi &#8211; 06.72.15.97.77 &#8211; rebaud@csf.asso.fr<br>Groupe Cr\u00e9dit Social des Fonctionnaires<br>CSF | CR\u00c9SERFI | CSF Assurances | Progretis<br>6 all\u00e9e Cardinal de Givry &#8211; 21000 DIJON<\/p>\n<\/div><\/div>\n\n\n\n<figure class=\"wp-block-image aligncenter size-large\"><img decoding=\"async\" src=\"http:\/\/8790639.cos58.fr\/wp-content\/uploads\/2022\/01\/MIL-BS_PART.gif\" alt=\"\"\/><\/figure>\n\n\n\n<p><\/p>\n\n\n\n<div class=\"wp-block-buttons is-horizontal is-content-justification-right is-layout-flex wp-container-core-buttons-is-layout-ae2fe186 wp-block-buttons-is-layout-flex\">\n<div class=\"wp-block-button has-custom-font-size\" style=\"font-size:10px\"><a class=\"wp-block-button__link wp-element-button\" href=\"#HAUT\">HAUT<\/a><\/div>\n<\/div>\n\n\n\n<p><br><span class=\"has-inline-color has-ast-global-color-5-color\">&#8211;<\/span><\/p>\n","protected":false},"excerpt":{"rendered":"<p>Nos Partenaires \u00e9conomiques Le COS 58 collabore avec des organismes de r\u00e9f\u00e9rence pour vous accompagner dans les moments cl\u00e9s de votre vie. Sant\u00e9, banque ou projets immobiliers : b\u00e9n\u00e9ficiez de l&rsquo;expertise de nos partenaires historiques. HARMONIE MUTUELLEPour tous renseignements adressez vous au secr\u00e9tariat du COS<\/p>\n","protected":false},"author":1,"featured_media":0,"parent":0,"menu_order":0,"comment_status":"closed","ping_status":"closed","template":"","meta":{"site-sidebar-layout":"default","site-content-layout":"default","ast-main-header-display":"","ast-hfb-above-header-display":"","ast-hfb-below-header-display":"","ast-hfb-mobile-header-display":"","site-post-title":"disabled","ast-breadcrumbs-content":"","ast-featured-img":"","footer-sml-layout":"","theme-transparent-header-meta":"","adv-header-id-meta":"","stick-header-meta":"","header-above-stick-meta":"","header-main-stick-meta":"","header-below-stick-meta":"","footnotes":""},"class_list":["post-312","page","type-page","status-publish","hentry"],"_links":{"self":[{"href":"http:\/\/8790639.cos58.fr\/index.php?rest_route=\/wp\/v2\/pages\/312","targetHints":{"allow":["GET"]}}],"collection":[{"href":"http:\/\/8790639.cos58.fr\/index.php?rest_route=\/wp\/v2\/pages"}],"about":[{"href":"http:\/\/8790639.cos58.fr\/index.php?rest_route=\/wp\/v2\/types\/page"}],"author":[{"embeddable":true,"href":"http:\/\/8790639.cos58.fr\/index.php?rest_route=\/wp\/v2\/users\/1"}],"replies":[{"embeddable":true,"href":"http:\/\/8790639.cos58.fr\/index.php?rest_route=%2Fwp%2Fv2%2Fcomments&post=312"}],"version-history":[{"count":65,"href":"http:\/\/8790639.cos58.fr\/index.php?rest_route=\/wp\/v2\/pages\/312\/revisions"}],"predecessor-version":[{"id":4210,"href":"http:\/\/8790639.cos58.fr\/index.php?rest_route=\/wp\/v2\/pages\/312\/revisions\/4210"}],"wp:attachment":[{"href":"http:\/\/8790639.cos58.fr\/index.php?rest_route=%2Fwp%2Fv2%2Fmedia&parent=312"}],"curies":[{"name":"wp","href":"https:\/\/api.w.org\/{rel}","templated":true}]}}