{"id":308,"date":"2022-01-21T10:29:27","date_gmt":"2022-01-21T09:29:27","guid":{"rendered":"http:\/\/8790639.cos58.fr\/?page_id=308"},"modified":"2026-04-01T12:47:06","modified_gmt":"2026-04-01T10:47:06","slug":"arbre-de-noel","status":"publish","type":"page","link":"http:\/\/8790639.cos58.fr\/?page_id=308","title":{"rendered":"Arbre de No\u00ebl"},"content":{"rendered":"\n<figure class=\"wp-block-image aligncenter size-full\" id=\"HAUT\"><a href=\"http:\/\/8790639.cos58.fr\/\"><img loading=\"lazy\" decoding=\"async\" width=\"1200\" height=\"208\" src=\"http:\/\/8790639.cos58.fr\/wp-content\/uploads\/2023\/08\/HEADER_ARBRE.gif\" alt=\"\" class=\"wp-image-2570\"\/><\/a><\/figure>\n\n\n\n<div class=\"wp-block-buttons is-horizontal is-content-justification-center is-layout-flex wp-container-core-buttons-is-layout-499968f5 wp-block-buttons-is-layout-flex\">\n<div class=\"wp-block-button is-style-fill\"><a class=\"wp-block-button__link has-ast-global-color-8-color has-text-color has-background wp-element-button\" href=\"http:\/\/8790639.cos58.fr\/\" style=\"border-radius:3px;background-color:#b0418f\">Accueil<\/a><\/div>\n\n\n\n<div class=\"wp-block-button is-style-fill\"><a class=\"wp-block-button__link has-ast-global-color-8-color has-text-color has-background wp-element-button\" href=\"http:\/\/8790639.cos58.fr\/?page_id=297\" style=\"border-radius:3px;background-color:#c4d024\">Voyages<\/a><\/div>\n\n\n\n<div class=\"wp-block-button is-style-fill\"><a class=\"wp-block-button__link has-ast-global-color-8-color has-text-color has-background wp-element-button\" href=\"http:\/\/8790639.cos58.fr\/?page_id=303\" style=\"border-radius:3px;background-color:#e10d7b\">Vacances<\/a><\/div>\n\n\n\n<div class=\"wp-block-button is-style-fill\"><a class=\"wp-block-button__link has-ast-global-color-8-color has-ast-global-color-5-background-color has-text-color has-background wp-element-button\" href=\"http:\/\/8790639.cos58.fr\/?page_id=308\" style=\"border-radius:3px\">No\u00ebl<\/a><\/div>\n\n\n\n<div class=\"wp-block-button is-style-fill\"><a class=\"wp-block-button__link has-ast-global-color-8-color has-text-color has-background wp-element-button\" href=\"http:\/\/8790639.cos58.fr\/?page_id=2\" style=\"border-radius:3px;background-color:#febf10\">Culture &amp; Loisirs<\/a><\/div>\n\n\n\n<div class=\"wp-block-button\"><a class=\"wp-block-button__link has-ast-global-color-8-color has-text-color has-background wp-element-button\" href=\"http:\/\/8790639.cos58.fr\/?page_id=312\" style=\"border-radius:3px;background-color:#93c83e\">Partenaires<\/a><\/div>\n\n\n\n<div class=\"wp-block-button\"><a class=\"wp-block-button__link has-ast-global-color-8-color has-text-color has-background wp-element-button\" href=\"http:\/\/8790639.cos58.fr\/?page_id=315\" style=\"border-radius:3px;background-color:#f1a8be\">Promos<\/a><\/div>\n\n\n\n<div class=\"wp-block-button\"><a class=\"wp-block-button__link has-ast-global-color-8-color has-text-color has-background wp-element-button\" href=\"http:\/\/8790639.cos58.fr\/?page_id=1984\" style=\"border-radius:3px;background-color:#ec4343\">COS Le R\u00e9seau<\/a><\/div>\n\n\n\n<div class=\"wp-block-button\"><a class=\"wp-block-button__link has-ast-global-color-8-color has-text-color has-background wp-element-button\" href=\"http:\/\/8790639.cos58.fr\/?page_id=318\" style=\"border-radius:3px;background-color:#0098a0\">Prestations Sociales<\/a><\/div>\n\n\n\n<div class=\"wp-block-button is-style-fill\"><a class=\"wp-block-button__link has-ast-global-color-8-color has-text-color has-background wp-element-button\" href=\"http:\/\/8790639.cos58.fr\/?page_id=321\" style=\"border-radius:3px;background-color:#43a648\"><mark style=\"background-color:rgba(0, 0, 0, 0);color:#43a648\" class=\"has-inline-color\">.<\/mark>A.G.<\/a><\/div>\n\n\n\n<div class=\"wp-block-button is-style-fill\"><a class=\"wp-block-button__link has-ast-global-color-8-color has-text-color has-background wp-element-button\" href=\"http:\/\/8790639.cos58.fr\/?page_id=324\" style=\"border-radius:3px;background-color:#8cc9b7\">Retrait\u00e9s et Elus<\/a><\/div>\n<\/div>\n\n\n\n<p><br><\/p>\n\n\n\n<h3 class=\"wp-block-heading has-text-align-right has-text-color\" id=\"l-arbre-de-noel-du-cos-58\" style=\"color:#74c6cd\"><strong>L&rsquo;Arbre de No\u00ebl<\/strong><em> du COS 58<\/em><\/h3>\n\n\n\n<div class=\"wp-block-media-text alignwide is-stacked-on-mobile is-vertically-aligned-bottom\" style=\"grid-template-columns:15% auto\"><figure class=\"wp-block-media-text__media\"><img loading=\"lazy\" decoding=\"async\" width=\"203\" height=\"270\" src=\"http:\/\/8790639.cos58.fr\/wp-content\/uploads\/2022\/01\/ANIM-arb.gif\" alt=\"\" class=\"wp-image-906 size-full\"\/><\/figure><div class=\"wp-block-media-text__content\">\n<p>Chaque ann\u00e9e, le COS 58 organise son traditionnel Arbre de No\u00ebl, un \u00e9v\u00e9nement festif<strong> d\u00e9di\u00e9 aux enfants jusqu\u2019\u00e0 14 ans<\/strong>. Les enfants profitent d\u2019un spectacle vivant suivi de la visite tr\u00e8s attendue du P\u00e8re No\u00ebl qui assure la distribution des cadeaux. La journ\u00e9e se cl\u00f4ture par un go\u00fbter convivial.<br><br><strong>Pour une bonne organisation, les d\u00e9lais d\u2019inscription sont \u00e0 respecter. Apr\u00e8s la date butoir, aucune inscription ne sera prise en compte.<\/strong> <br>Si les enfants des agents ne participent pas \u00e0 l\u2019arbre de No\u00ebl, ils ne pourront pas b\u00e9n\u00e9ficier des bons ou des cadeaux. Ils peuvent \u00eatre accompagn\u00e9s par d\u2019autres personnes que leurs parents. En cas d\u2019absence, seules les personnes qui auront un certificat m\u00e9dical pour l\u2019enfant b\u00e9n\u00e9ficieront du jouet ou du ch\u00e8que cadeau.<\/p>\n<\/div><\/div>\n\n\n\n<p class=\"has-background\" style=\"background-color:#74c6cd\"><mark style=\"background-color:rgba(0, 0, 0, 0);color:#ffffff\" class=\"has-inline-color\"><strong>Pour participer \u00e0 l&rsquo;Arbre de No\u00ebl du COS 58 vous devez : <\/strong><br><strong>> t\u00e9l\u00e9charger le bulletin d&rsquo;inscription<\/strong>, le remplir et nous le renvoyer par courrier postale <strong>en gardant le coupon<\/strong> pour nous le pr\u00e9senter le jour J<\/mark><\/p>\n\n\n\n<figure class=\"wp-block-image aligncenter size-large\"><img decoding=\"async\" src=\"http:\/\/8790639.cos58.fr\/wp-content\/uploads\/2022\/01\/MIL-HT_ARB.gif\" alt=\"\"\/><\/figure>\n\n\n\n<p><\/p>\n\n\n\n<h3 class=\"wp-block-heading\"><mark style=\"background-color:rgba(0, 0, 0, 0);color:#74c6cd\" class=\"has-inline-color\"><strong>Arbre de No\u00ebl 2026 <\/strong><\/mark><\/h3>\n\n\n\n<p><em>Infos \u00e0 venir &#8230;<\/em><\/p>\n\n\n\n<p><\/p>\n\n\n\n<figure class=\"wp-block-image aligncenter size-large\"><img decoding=\"async\" src=\"http:\/\/8790639.cos58.fr\/wp-content\/uploads\/2022\/01\/MIL-BS_ARB.gif\" alt=\"\"\/><\/figure>\n\n\n\n<p><\/p>\n\n\n\n<div class=\"wp-block-buttons is-horizontal is-content-justification-right is-layout-flex wp-container-core-buttons-is-layout-ae2fe186 wp-block-buttons-is-layout-flex\">\n<div class=\"wp-block-button has-custom-font-size\" style=\"font-size:10px\"><a class=\"wp-block-button__link wp-element-button\" href=\"#HAUT\">HAUT<\/a><\/div>\n<\/div>\n\n\n\n<p><\/p>\n\n\n\n<figure class=\"wp-block-image aligncenter size-large\"><img decoding=\"async\" src=\"http:\/\/8790639.cos58.fr\/wp-content\/uploads\/2022\/01\/MIL-HT_ARB.gif\" alt=\"\"\/><\/figure>\n\n\n\n<p><\/p>\n\n\n\n<h3 class=\"wp-block-heading\"><strong>Retour sur l&rsquo;<\/strong><mark style=\"background-color:rgba(0, 0, 0, 0);color:#74c6cd\" class=\"has-inline-color\"><strong>Arbre de No\u00ebl 2025<\/strong><\/mark><strong> :<\/strong><\/h3>\n\n\n\n<p>Nous nous sommes retrouv\u00e9s Samedi 13 D\u00e9cembre 2025 \u00e0 l&rsquo;espace des Saules, salle coutureau, gracieusement mise \u00e0 disposition par le Conseil Municipal de COULANGES LES NEVERS, repr\u00e9sent\u00e9 par son Maire, Monsieur Julien JOUHANNEAU qui nous a fait le plaisir de sa pr\u00e9sence. Lors de son discours, il a remerci\u00e9 l&rsquo;ensemble des agents pour le travail fait dans les collectivit\u00e9s&nbsp; \u00ab\u00a0gr\u00e2ce \u00e0 vous tous, nous avons un service de proximit\u00e9 qui fonctionne\u00a0\u00bb !&nbsp;<img decoding=\"async\" src=\"https:\/\/fonts.gstatic.com\/s\/e\/notoemoji\/16.0\/1f609\/32.png\" alt=\"\ud83d\ude09\"><br>La Pr\u00e9sidente du COS, Madame Laurence BRUN a pour sa part salu\u00e9 le travail de tous les b\u00e9n\u00e9voles du Conseil d&rsquo;Administration, \u00ab\u00a0sans eux, l&rsquo;Association ne pourrait fonctionner\u00a0\u00bb.<br><br>Apr\u00e8s le spectacle de Mr ROSEMONT, \u00ab\u00a0Le Secret de la Lanterne Magique\u00a0\u00bb, le P\u00e8re No\u00ebl est venu rendre visite aux plus jeunes avec une hotte pleine de joujoux ! Les 6 \/ 14 ans, ont \u00e9t\u00e9 g\u00e2t\u00e9s \u00e9galement avec des ch\u00e8ques cadeaux Ni\u00e8vre achat plaisir.<br>L&rsquo;apr\u00e8s-midi s&rsquo;est termin\u00e9 par notre go\u00fbter traditionnel servi par les Membres du Conseil d&rsquo;Administration. Cela a permis l&rsquo;\u00e9change entre coll\u00e8gues qui viennent des \u00ab\u00a04 coins\u00a0\u00bb de notre territoire nivernais pendant que les enfants jouent entre eux &#8230;<br><br>Belle journ\u00e9e de divertissement, d&rsquo;\u00e9change et de partage ! Merci \u00e0 tous les participants !<img decoding=\"async\" src=\"https:\/\/fonts.gstatic.com\/s\/e\/notoemoji\/16.0\/1f603\/32.png\" alt=\"\ud83d\ude03\">&nbsp;ce fut un plaisir.<\/p>\n\n\n\n<figure class=\"wp-block-gallery has-nested-images columns-3 is-cropped wp-block-gallery-1 is-layout-flex wp-block-gallery-is-layout-flex\">\n<figure class=\"wp-block-image size-large\"><img loading=\"lazy\" decoding=\"async\" width=\"750\" height=\"1000\" data-id=\"3926\" src=\"http:\/\/8790639.cos58.fr\/wp-content\/uploads\/2025\/12\/01.jpg\" alt=\"\" class=\"wp-image-3926\" srcset=\"http:\/\/8790639.cos58.fr\/wp-content\/uploads\/2025\/12\/01.jpg 750w, http:\/\/8790639.cos58.fr\/wp-content\/uploads\/2025\/12\/01-225x300.jpg 225w\" sizes=\"auto, (max-width: 750px) 100vw, 750px\" \/><\/figure>\n\n\n\n<figure class=\"wp-block-image size-large\"><img loading=\"lazy\" decoding=\"async\" width=\"1000\" height=\"750\" data-id=\"3932\" src=\"http:\/\/8790639.cos58.fr\/wp-content\/uploads\/2025\/12\/02.jpg\" alt=\"\" class=\"wp-image-3932\" srcset=\"http:\/\/8790639.cos58.fr\/wp-content\/uploads\/2025\/12\/02.jpg 1000w, http:\/\/8790639.cos58.fr\/wp-content\/uploads\/2025\/12\/02-300x225.jpg 300w, http:\/\/8790639.cos58.fr\/wp-content\/uploads\/2025\/12\/02-768x576.jpg 768w\" sizes=\"auto, (max-width: 1000px) 100vw, 1000px\" \/><\/figure>\n\n\n\n<figure class=\"wp-block-image size-large\"><img loading=\"lazy\" decoding=\"async\" width=\"1000\" height=\"750\" data-id=\"3929\" src=\"http:\/\/8790639.cos58.fr\/wp-content\/uploads\/2025\/12\/03.jpg\" alt=\"\" class=\"wp-image-3929\" srcset=\"http:\/\/8790639.cos58.fr\/wp-content\/uploads\/2025\/12\/03.jpg 1000w, http:\/\/8790639.cos58.fr\/wp-content\/uploads\/2025\/12\/03-300x225.jpg 300w, http:\/\/8790639.cos58.fr\/wp-content\/uploads\/2025\/12\/03-768x576.jpg 768w\" sizes=\"auto, (max-width: 1000px) 100vw, 1000px\" \/><\/figure>\n\n\n\n<figure class=\"wp-block-image size-large\"><img loading=\"lazy\" decoding=\"async\" width=\"750\" height=\"1000\" data-id=\"3928\" src=\"http:\/\/8790639.cos58.fr\/wp-content\/uploads\/2025\/12\/04.jpg\" alt=\"\" class=\"wp-image-3928\" srcset=\"http:\/\/8790639.cos58.fr\/wp-content\/uploads\/2025\/12\/04.jpg 750w, http:\/\/8790639.cos58.fr\/wp-content\/uploads\/2025\/12\/04-225x300.jpg 225w\" sizes=\"auto, (max-width: 750px) 100vw, 750px\" \/><\/figure>\n\n\n\n<figure class=\"wp-block-image size-large\"><img loading=\"lazy\" decoding=\"async\" width=\"750\" height=\"1000\" data-id=\"3927\" src=\"http:\/\/8790639.cos58.fr\/wp-content\/uploads\/2025\/12\/05.jpg\" alt=\"\" class=\"wp-image-3927\" srcset=\"http:\/\/8790639.cos58.fr\/wp-content\/uploads\/2025\/12\/05.jpg 750w, http:\/\/8790639.cos58.fr\/wp-content\/uploads\/2025\/12\/05-225x300.jpg 225w\" sizes=\"auto, (max-width: 750px) 100vw, 750px\" \/><\/figure>\n\n\n\n<figure class=\"wp-block-image size-large\"><img loading=\"lazy\" decoding=\"async\" width=\"750\" height=\"1000\" data-id=\"3930\" src=\"http:\/\/8790639.cos58.fr\/wp-content\/uploads\/2025\/12\/06.jpg\" alt=\"\" class=\"wp-image-3930\" srcset=\"http:\/\/8790639.cos58.fr\/wp-content\/uploads\/2025\/12\/06.jpg 750w, http:\/\/8790639.cos58.fr\/wp-content\/uploads\/2025\/12\/06-225x300.jpg 225w\" sizes=\"auto, (max-width: 750px) 100vw, 750px\" \/><\/figure>\n\n\n\n<figure class=\"wp-block-image size-large\"><img loading=\"lazy\" decoding=\"async\" width=\"750\" height=\"1000\" data-id=\"3931\" src=\"http:\/\/8790639.cos58.fr\/wp-content\/uploads\/2025\/12\/07.jpg\" alt=\"\" class=\"wp-image-3931\" srcset=\"http:\/\/8790639.cos58.fr\/wp-content\/uploads\/2025\/12\/07.jpg 750w, http:\/\/8790639.cos58.fr\/wp-content\/uploads\/2025\/12\/07-225x300.jpg 225w\" sizes=\"auto, (max-width: 750px) 100vw, 750px\" \/><\/figure>\n\n\n\n<figure class=\"wp-block-image size-large\"><img loading=\"lazy\" decoding=\"async\" width=\"750\" height=\"1000\" data-id=\"3933\" src=\"http:\/\/8790639.cos58.fr\/wp-content\/uploads\/2025\/12\/08.jpg\" alt=\"\" class=\"wp-image-3933\" srcset=\"http:\/\/8790639.cos58.fr\/wp-content\/uploads\/2025\/12\/08.jpg 750w, http:\/\/8790639.cos58.fr\/wp-content\/uploads\/2025\/12\/08-225x300.jpg 225w\" sizes=\"auto, (max-width: 750px) 100vw, 750px\" \/><\/figure>\n\n\n\n<figure class=\"wp-block-image size-large\"><img loading=\"lazy\" decoding=\"async\" width=\"750\" height=\"1000\" data-id=\"3934\" src=\"http:\/\/8790639.cos58.fr\/wp-content\/uploads\/2025\/12\/09.jpg\" alt=\"\" class=\"wp-image-3934\" srcset=\"http:\/\/8790639.cos58.fr\/wp-content\/uploads\/2025\/12\/09.jpg 750w, http:\/\/8790639.cos58.fr\/wp-content\/uploads\/2025\/12\/09-225x300.jpg 225w\" sizes=\"auto, (max-width: 750px) 100vw, 750px\" \/><\/figure>\n\n\n\n<figure class=\"wp-block-image size-large\"><img loading=\"lazy\" decoding=\"async\" width=\"750\" height=\"1000\" data-id=\"3936\" src=\"http:\/\/8790639.cos58.fr\/wp-content\/uploads\/2025\/12\/10.jpg\" alt=\"\" class=\"wp-image-3936\" srcset=\"http:\/\/8790639.cos58.fr\/wp-content\/uploads\/2025\/12\/10.jpg 750w, http:\/\/8790639.cos58.fr\/wp-content\/uploads\/2025\/12\/10-225x300.jpg 225w\" sizes=\"auto, (max-width: 750px) 100vw, 750px\" \/><\/figure>\n\n\n\n<figure class=\"wp-block-image size-large\"><img loading=\"lazy\" decoding=\"async\" width=\"420\" height=\"560\" data-id=\"3935\" src=\"http:\/\/8790639.cos58.fr\/wp-content\/uploads\/2025\/12\/11.jpg\" alt=\"\" class=\"wp-image-3935\" srcset=\"http:\/\/8790639.cos58.fr\/wp-content\/uploads\/2025\/12\/11.jpg 420w, http:\/\/8790639.cos58.fr\/wp-content\/uploads\/2025\/12\/11-225x300.jpg 225w\" sizes=\"auto, (max-width: 420px) 100vw, 420px\" \/><\/figure>\n\n\n\n<figure class=\"wp-block-image size-large\"><img loading=\"lazy\" decoding=\"async\" width=\"750\" height=\"1000\" data-id=\"3937\" src=\"http:\/\/8790639.cos58.fr\/wp-content\/uploads\/2025\/12\/12.jpg\" alt=\"\" class=\"wp-image-3937\" srcset=\"http:\/\/8790639.cos58.fr\/wp-content\/uploads\/2025\/12\/12.jpg 750w, http:\/\/8790639.cos58.fr\/wp-content\/uploads\/2025\/12\/12-225x300.jpg 225w\" sizes=\"auto, (max-width: 750px) 100vw, 750px\" \/><\/figure>\n\n\n\n<figure class=\"wp-block-image size-large\"><img loading=\"lazy\" decoding=\"async\" width=\"750\" height=\"1000\" data-id=\"3938\" src=\"http:\/\/8790639.cos58.fr\/wp-content\/uploads\/2025\/12\/13.jpg\" alt=\"\" class=\"wp-image-3938\" srcset=\"http:\/\/8790639.cos58.fr\/wp-content\/uploads\/2025\/12\/13.jpg 750w, http:\/\/8790639.cos58.fr\/wp-content\/uploads\/2025\/12\/13-225x300.jpg 225w\" sizes=\"auto, (max-width: 750px) 100vw, 750px\" \/><\/figure>\n\n\n\n<figure class=\"wp-block-image size-large\"><img loading=\"lazy\" decoding=\"async\" width=\"750\" height=\"1000\" data-id=\"3940\" src=\"http:\/\/8790639.cos58.fr\/wp-content\/uploads\/2025\/12\/14.jpg\" alt=\"\" class=\"wp-image-3940\" srcset=\"http:\/\/8790639.cos58.fr\/wp-content\/uploads\/2025\/12\/14.jpg 750w, http:\/\/8790639.cos58.fr\/wp-content\/uploads\/2025\/12\/14-225x300.jpg 225w\" sizes=\"auto, (max-width: 750px) 100vw, 750px\" \/><\/figure>\n\n\n\n<figure class=\"wp-block-image size-large\"><img loading=\"lazy\" decoding=\"async\" width=\"750\" height=\"1000\" data-id=\"3939\" src=\"http:\/\/8790639.cos58.fr\/wp-content\/uploads\/2025\/12\/15.jpg\" alt=\"\" class=\"wp-image-3939\" srcset=\"http:\/\/8790639.cos58.fr\/wp-content\/uploads\/2025\/12\/15.jpg 750w, http:\/\/8790639.cos58.fr\/wp-content\/uploads\/2025\/12\/15-225x300.jpg 225w\" sizes=\"auto, (max-width: 750px) 100vw, 750px\" \/><\/figure>\n\n\n\n<figure class=\"wp-block-image size-large\"><img loading=\"lazy\" decoding=\"async\" width=\"750\" height=\"1000\" data-id=\"3941\" src=\"http:\/\/8790639.cos58.fr\/wp-content\/uploads\/2025\/12\/16.jpg\" alt=\"\" class=\"wp-image-3941\" srcset=\"http:\/\/8790639.cos58.fr\/wp-content\/uploads\/2025\/12\/16.jpg 750w, http:\/\/8790639.cos58.fr\/wp-content\/uploads\/2025\/12\/16-225x300.jpg 225w\" sizes=\"auto, (max-width: 750px) 100vw, 750px\" \/><\/figure>\n\n\n\n<figure class=\"wp-block-image size-large\"><img loading=\"lazy\" decoding=\"async\" width=\"750\" height=\"1000\" data-id=\"3942\" src=\"http:\/\/8790639.cos58.fr\/wp-content\/uploads\/2025\/12\/17.jpg\" alt=\"\" class=\"wp-image-3942\" srcset=\"http:\/\/8790639.cos58.fr\/wp-content\/uploads\/2025\/12\/17.jpg 750w, http:\/\/8790639.cos58.fr\/wp-content\/uploads\/2025\/12\/17-225x300.jpg 225w\" sizes=\"auto, (max-width: 750px) 100vw, 750px\" \/><\/figure>\n\n\n\n<figure class=\"wp-block-image size-large\"><img loading=\"lazy\" decoding=\"async\" width=\"750\" height=\"1000\" data-id=\"3943\" src=\"http:\/\/8790639.cos58.fr\/wp-content\/uploads\/2025\/12\/18.jpg\" alt=\"\" class=\"wp-image-3943\" srcset=\"http:\/\/8790639.cos58.fr\/wp-content\/uploads\/2025\/12\/18.jpg 750w, http:\/\/8790639.cos58.fr\/wp-content\/uploads\/2025\/12\/18-225x300.jpg 225w\" sizes=\"auto, (max-width: 750px) 100vw, 750px\" \/><\/figure>\n<\/figure>\n\n\n\n<figure class=\"wp-block-image aligncenter size-large\"><img decoding=\"async\" src=\"http:\/\/8790639.cos58.fr\/wp-content\/uploads\/2022\/01\/MIL-BS_ARB.gif\" alt=\"\"\/><\/figure>\n\n\n\n<p><\/p>\n\n\n\n<div class=\"wp-block-buttons is-horizontal is-content-justification-right is-layout-flex wp-container-core-buttons-is-layout-ae2fe186 wp-block-buttons-is-layout-flex\">\n<div class=\"wp-block-button has-custom-font-size\" style=\"font-size:10px\"><a class=\"wp-block-button__link wp-element-button\" href=\"#HAUT\">HAUT<\/a><\/div>\n<\/div>\n\n\n\n<p><br><span class=\"has-inline-color has-ast-global-color-5-color\">&#8211;<\/span><\/p>\n","protected":false},"excerpt":{"rendered":"<p>L&rsquo;Arbre de No\u00ebl du COS 58 Chaque ann\u00e9e, le COS 58 organise son traditionnel Arbre de No\u00ebl, un \u00e9v\u00e9nement festif d\u00e9di\u00e9 aux enfants jusqu\u2019\u00e0 14 ans. Les enfants profitent d\u2019un spectacle vivant suivi de la visite tr\u00e8s attendue du P\u00e8re No\u00ebl qui assure la distribution des cadeaux. La journ\u00e9e se cl\u00f4ture par un go\u00fbter convivial. &hellip;<\/p>\n<p class=\"read-more\"> <a class=\"\" href=\"http:\/\/8790639.cos58.fr\/?page_id=308\"> <span class=\"screen-reader-text\">Arbre de No\u00ebl<\/span> Lire la suite\u00a0\u00bb<\/a><\/p>\n","protected":false},"author":1,"featured_media":0,"parent":0,"menu_order":0,"comment_status":"closed","ping_status":"closed","template":"","meta":{"site-sidebar-layout":"default","site-content-layout":"default","ast-main-header-display":"","ast-hfb-above-header-display":"","ast-hfb-below-header-display":"","ast-hfb-mobile-header-display":"","site-post-title":"disabled","ast-breadcrumbs-content":"","ast-featured-img":"","footer-sml-layout":"","theme-transparent-header-meta":"","adv-header-id-meta":"","stick-header-meta":"","header-above-stick-meta":"","header-main-stick-meta":"","header-below-stick-meta":"","footnotes":""},"class_list":["post-308","page","type-page","status-publish","hentry"],"_links":{"self":[{"href":"http:\/\/8790639.cos58.fr\/index.php?rest_route=\/wp\/v2\/pages\/308","targetHints":{"allow":["GET"]}}],"collection":[{"href":"http:\/\/8790639.cos58.fr\/index.php?rest_route=\/wp\/v2\/pages"}],"about":[{"href":"http:\/\/8790639.cos58.fr\/index.php?rest_route=\/wp\/v2\/types\/page"}],"author":[{"embeddable":true,"href":"http:\/\/8790639.cos58.fr\/index.php?rest_route=\/wp\/v2\/users\/1"}],"replies":[{"embeddable":true,"href":"http:\/\/8790639.cos58.fr\/index.php?rest_route=%2Fwp%2Fv2%2Fcomments&post=308"}],"version-history":[{"count":75,"href":"http:\/\/8790639.cos58.fr\/index.php?rest_route=\/wp\/v2\/pages\/308\/revisions"}],"predecessor-version":[{"id":4244,"href":"http:\/\/8790639.cos58.fr\/index.php?rest_route=\/wp\/v2\/pages\/308\/revisions\/4244"}],"wp:attachment":[{"href":"http:\/\/8790639.cos58.fr\/index.php?rest_route=%2Fwp%2Fv2%2Fmedia&parent=308"}],"curies":[{"name":"wp","href":"https:\/\/api.w.org\/{rel}","templated":true}]}}