{"id":292,"date":"2022-01-21T10:22:29","date_gmt":"2022-01-21T09:22:29","guid":{"rendered":"http:\/\/8790639.cos58.fr\/?page_id=292"},"modified":"2026-04-01T12:53:37","modified_gmt":"2026-04-01T10:53:37","slug":"accueil","status":"publish","type":"page","link":"http:\/\/8790639.cos58.fr\/","title":{"rendered":"Accueil"},"content":{"rendered":"\n<figure class=\"wp-block-image aligncenter size-full\" id=\"HAUT\"><a href=\"http:\/\/8790639.cos58.fr\/\"><img loading=\"lazy\" decoding=\"async\" width=\"1200\" height=\"208\" src=\"http:\/\/8790639.cos58.fr\/wp-content\/uploads\/2023\/08\/HEADER_ACCUEIL.gif\" alt=\"\" class=\"wp-image-2528\"\/><\/a><\/figure>\n\n\n\n<div class=\"wp-block-buttons is-horizontal is-content-justification-center is-layout-flex wp-container-core-buttons-is-layout-499968f5 wp-block-buttons-is-layout-flex\">\n<div class=\"wp-block-button is-style-fill\"><a class=\"wp-block-button__link has-ast-global-color-8-color has-ast-global-color-5-background-color has-text-color has-background wp-element-button\" href=\"http:\/\/8790639.cos58.fr\/\" style=\"border-radius:3px\">Accueil<\/a><\/div>\n\n\n\n<div class=\"wp-block-button is-style-fill\"><a class=\"wp-block-button__link has-ast-global-color-8-color has-text-color has-background wp-element-button\" href=\"http:\/\/8790639.cos58.fr\/?page_id=297\" style=\"border-radius:3px;background-color:#c4d024\">Voyages<\/a><\/div>\n\n\n\n<div class=\"wp-block-button is-style-fill\"><a class=\"wp-block-button__link has-ast-global-color-8-color has-text-color has-background wp-element-button\" href=\"http:\/\/8790639.cos58.fr\/?page_id=303\" style=\"border-radius:3px;background-color:#e10d7b\">Vacances<\/a><\/div>\n\n\n\n<div class=\"wp-block-button is-style-fill\"><a class=\"wp-block-button__link has-ast-global-color-8-color has-text-color has-background wp-element-button\" href=\"http:\/\/8790639.cos58.fr\/?page_id=308\" style=\"border-radius:3px;background-color:#74c6cd\">No\u00ebl<\/a><\/div>\n\n\n\n<div class=\"wp-block-button is-style-fill\"><a class=\"wp-block-button__link has-ast-global-color-8-color has-text-color has-background wp-element-button\" href=\"http:\/\/8790639.cos58.fr\/?page_id=2\" style=\"border-radius:3px;background-color:#febf10\">Culture &amp; Loisirs<\/a><\/div>\n\n\n\n<div class=\"wp-block-button\"><a class=\"wp-block-button__link has-ast-global-color-8-color has-text-color has-background wp-element-button\" href=\"http:\/\/8790639.cos58.fr\/?page_id=312\" style=\"border-radius:3px;background-color:#93c83e\">Partenaires<\/a><\/div>\n\n\n\n<div class=\"wp-block-button bouton-clignotant\"><a class=\"wp-block-button__link has-ast-global-color-8-color has-text-color has-background wp-element-button\" href=\"http:\/\/8790639.cos58.fr\/?page_id=315\" style=\"border-radius:3px;background-color:#f1a8be\">Promos<\/a><\/div>\n\n\n\n<div class=\"wp-block-button\"><a class=\"wp-block-button__link has-ast-global-color-8-color has-text-color has-background wp-element-button\" href=\"http:\/\/8790639.cos58.fr\/?page_id=1984\" style=\"border-radius:3px;background-color:#ec4343\">COS Le R\u00e9seau<\/a><\/div>\n\n\n\n<div class=\"wp-block-button\"><a class=\"wp-block-button__link has-ast-global-color-8-color has-text-color has-background wp-element-button\" href=\"http:\/\/8790639.cos58.fr\/?page_id=318\" style=\"border-radius:3px;background-color:#0098a0\">Prestations Sociales<\/a><\/div>\n\n\n\n<div class=\"wp-block-button is-style-fill\"><a class=\"wp-block-button__link has-ast-global-color-8-color has-text-color has-background wp-element-button\" href=\"http:\/\/8790639.cos58.fr\/?page_id=321\" style=\"border-radius:3px;background-color:#43a648\"><mark style=\"background-color:rgba(0, 0, 0, 0);color:#43a648\" class=\"has-inline-color\">.<\/mark>A.G.<\/a><\/div>\n\n\n\n<div class=\"wp-block-button is-style-fill\"><a class=\"wp-block-button__link has-ast-global-color-8-color has-text-color has-background wp-element-button\" href=\"http:\/\/8790639.cos58.fr\/?page_id=324\" style=\"border-radius:3px;background-color:#8cc9b7\">Retrait\u00e9s et Elus<\/a><\/div>\n<\/div>\n\n\n\n<p><mark style=\"background-color:rgba(0, 0, 0, 0)\" class=\"has-inline-color has-ast-global-color-5-color\">&#8211;<\/mark><\/p>\n\n\n\n<figure class=\"wp-block-image alignwide size-full\"><img loading=\"lazy\" decoding=\"async\" width=\"1421\" height=\"728\" src=\"http:\/\/8790639.cos58.fr\/wp-content\/uploads\/2024\/06\/visu-ACC-3.gif\" alt=\"\" class=\"wp-image-2936\"\/><\/figure>\n\n\n\n<figure class=\"wp-block-image alignwide size-full\"><a href=\"http:\/\/8790639.cos58.fr\/wp-content\/uploads\/2026\/03\/COS58_carte-communes-adherentes_2026.pdf\" target=\"_blank\" rel=\"noreferrer noopener\"><img loading=\"lazy\" decoding=\"async\" width=\"1421\" height=\"653\" src=\"http:\/\/8790639.cos58.fr\/wp-content\/uploads\/2026\/03\/visu2-ACC.gif\" alt=\"\" class=\"wp-image-4191\"\/><\/a><\/figure>\n\n\n\n<p><\/p>\n\n\n\n<figure class=\"wp-block-image alignwide size-full\"><img loading=\"lazy\" decoding=\"async\" width=\"1421\" height=\"234\" src=\"http:\/\/8790639.cos58.fr\/wp-content\/uploads\/2024\/09\/VISU-ACTU2.gif\" alt=\"\" class=\"wp-image-3187\"\/><\/figure>\n\n\n\n<p><\/p>\n\n\n\n<p><strong>Bonjour \u00e0 tous,<\/strong><\/p>\n\n\n\n<p>Nous sommes tr\u00e8s fiers depuis 44 ans de tisser sans rel\u00e2che des liens fort entre les personnes, les familles et les institutions. Les membres du COS 58 souhaitent une excellente rentr\u00e9e \u00e0 tous les \u00e9l\u00e8ves de maternelle et de primaire, aux coll\u00e9giens et lyc\u00e9ens, aux \u00e9tudiants ainsi qu\u2019\u00e0 toutes celles et ceux qui reprennent le travail en ce d\u00e9but de septembre apr\u00e8s cette coupure estivale.<br>Les \u0153uvres sociales ont pour vocation de participer \u00e0 l\u2019\u00e9panouissement des agents et de leur famille au travers d\u2019activit\u00e9s sociales et culturelles.<br>Les prestations sociales apportent un soutien financier essentiel aux familles pour faire face aux d\u00e9penses li\u00e9es \u00e0 la scolarit\u00e9 de leur enfant.<\/p>\n\n\n\n<p>Nous poursuivons nos efforts pour les avantages offerts aux agents salari\u00e9s et retrait\u00e9s visant \u00e0 am\u00e9liorer bien-\u00eatre, \u00e0 augmenter leur pouvoir d\u2019achat et \u00e0 favoriser l\u2019acc\u00e8s \u00e0 la culture.<br>A travers nos sorties, nos voyages qui offrent des parenth\u00e8ses, des partages et du bonheur, le COS 58 cr\u00e9e souvent des moments d\u2019\u00e9vasions.<\/p>\n\n\n\n<p><strong><mark style=\"background-color:#b0418f\" class=\"has-inline-color has-ast-global-color-0-color\">.<\/mark><mark style=\"background-color:#b0418f;color:#ffffff\" class=\"has-inline-color\">ADH\u00c9RER AU COS 58 c&rsquo;est :<\/mark><mark style=\"background-color:#b0418f\" class=\"has-inline-color has-ast-global-color-0-color\">.<\/mark><\/strong><br><strong>&gt; jouer la carte de la Ni\u00e8vre<br>&gt; la garantie de la proximit\u00e9<br>&gt; b\u00e9n\u00e9ficier d \u2019une offre de prestations diversifi\u00e9es<\/strong><\/p>\n\n\n\n<div class=\"wp-block-media-text alignwide has-media-on-the-right is-stacked-on-mobile\" style=\"grid-template-columns:auto 26%\"><div class=\"wp-block-media-text__content\">\n<p>Le COS58 adh\u00e8re au&nbsp;<strong>R<strong>\u00c9<\/strong>SEAU NATIONAL DES COS<\/strong>&nbsp;form\u00e9 par Le COS 19, le COS 38, le COS 44, le COS NORMAND, le COS 58, le COS 87 et le COS Pays Basque. Celui-ci n\u00e9gocie pour ses membres des partenariats pour les vacances, les loisirs, le quotidien pour l\u2019ensemble de leurs agents b\u00e9n\u00e9ficiaires.<\/p>\n<\/div><figure class=\"wp-block-media-text__media\"><img loading=\"lazy\" decoding=\"async\" width=\"327\" height=\"98\" src=\"http:\/\/8790639.cos58.fr\/wp-content\/uploads\/2024\/09\/log-le-reseau-e1726132527995.gif\" alt=\"\" class=\"wp-image-3188 size-full\"\/><\/figure><\/div>\n\n\n\n<p class=\"has-white-color has-text-color has-background has-link-color wp-elements-f487b62a38571b4aaf832b59d715584d\" style=\"background-color:#ef4136\">Chaque COS est d\u2019abord un acteur de terrain, solidement ancr\u00e9 sur son territoire pour agir aux c\u00f4t\u00e9s des \u00e9lus, avec les partenaires locaux, pour les agents.<br>\u200b<strong>Si les COS se structurent en R\u00e9seau<\/strong>, ce n\u2019est pas pour devenir l\u2019\u00e9diteur unique d\u2019un catalogue national de prestations \u00e0 d\u00e9cliner localement !<br>\u200bLa mise en R\u00e9seau des COS a pour but de d\u00e9velopper un&nbsp;<strong>\u00e9change&nbsp;<\/strong>de savoirs et de pratiques,&nbsp;<strong>mutualiser<\/strong>&nbsp;certaines ressources et&nbsp;<strong>co-produire<\/strong>&nbsp;des prestations pour \u00e9largir le choix des prestations dont b\u00e9n\u00e9ficient les adh\u00e9rents.<br>\u200bChaque COS identifie et mobilise des prestataires nationaux pour donner acc\u00e8s aux agents \u00e0 un large \u00e9ventail de choix pour leurs vacances, leurs loisirs, leur vie quotidienne. En mutualisant la recherche et le conventionnement avec ces prestataires nationaux, les \u00e9quipes des COS se lib\u00e8rent du temps pour d\u00e9velopper leurs partenariats locaux et les relations de proximit\u00e9.&nbsp;<\/p>\n\n\n\n<p>N\u2019h\u00e9sitez pas \u00e0 nous contacter pour toute information compl\u00e9mentaire, nous nous ferons un plaisir de vous r\u00e9pondre.<\/p>\n\n\n\n<p><strong>Continuons d\u2019\u0153uvrer pour l\u2019Action Sociale de Proximit\u00e9 !<\/strong> <strong><em><br>L\u2019\u00e9quipe du COS 58<\/em><\/strong><\/p>\n\n\n\n<p><br><\/p>\n\n\n\n<div class=\"wp-block-columns alignwide is-layout-flex wp-container-core-columns-is-layout-9d6595d7 wp-block-columns-is-layout-flex\">\n<div class=\"wp-block-column is-layout-flow wp-block-column-is-layout-flow\" style=\"flex-basis:50%\">\n<p class=\"has-text-align-left has-ast-global-color-5-color has-text-color has-background\" style=\"background-color:#0098a0\"><strong>S&rsquo;INFORMER<\/strong><br>Pour \u00eatre inform\u00e9 sur tout ce qu&rsquo;il se passe au COS 58 merci de nous faire parvenir votre adresse mail personnelle :<mark style=\"background-color:rgba(0, 0, 0, 0)\" class=\"has-inline-color has-ast-global-color-5-color\"> <\/mark><a href=\"mailto:secretariat@cos58.fr\"><strong><mark style=\"background-color:rgba(0, 0, 0, 0);color:#ffffff\" class=\"has-inline-color\">secretariat@cos58.fr<\/mark><\/strong><\/a><\/p>\n\n\n\n<p class=\"has-text-align-left has-ast-global-color-5-color has-text-color has-background\" style=\"background-color:#93c83e\"><strong>INFORMER SES AGENTS<\/strong><br>Si vous souhaitez que nous nous rendions dans votre collectivit\u00e9 pour informer les agents de leurs droits, merci de prendre <strong><a href=\"mailto:secretariat@cos58.fr\">contact<\/a><\/strong> avec le secr\u00e9tariat, nous sommes \u00e0 votre disposition.<\/p>\n\n\n\n<p class=\"has-white-color has-ast-global-color-0-background-color has-text-color has-background has-link-color wp-elements-c0189ac43e83913044f67ba12e46dfe8\"><strong>OBLIGATOIRE :<\/strong> Afin de pouvoir b\u00e9n\u00e9ficier des prestations, tout agent doit nous retourner la <strong><a href=\"http:\/\/cos58.fr\/FICHE BENEFICIAIRE 2024.pdf\" target=\"_blank\" rel=\"noreferrer noopener\">Fiche B\u00e9n\u00e9ficiaire<\/a><\/strong>, accompagn\u00e9 d&rsquo;un <strong>RIB<\/strong>. Merci !<\/p>\n<\/div>\n\n\n\n<div class=\"wp-block-column is-layout-flow wp-block-column-is-layout-flow\" style=\"flex-basis:50%\">\n<div class=\"wp-block-media-text is-stacked-on-mobile\" style=\"grid-template-columns:25% auto\"><figure class=\"wp-block-media-text__media\"><a href=\"http:\/\/8790639.cos58.fr\/wp-content\/uploads\/2026\/04\/COS58_CATALOGUE-DES-PROMOTIONS_2026.pdf\" target=\"_blank\" rel=\" noreferrer noopener\"><img loading=\"lazy\" decoding=\"async\" width=\"326\" height=\"444\" src=\"http:\/\/8790639.cos58.fr\/wp-content\/uploads\/2026\/03\/cat6promos.gif\" alt=\"\" class=\"wp-image-4216 size-full\"\/><\/a><\/figure><div class=\"wp-block-media-text__content\">\n<p><strong><a href=\"http:\/\/8790639.cos58.fr\/wp-content\/uploads\/2026\/04\/COS58_CATALOGUE-DES-PROMOTIONS_2026.pdf\" target=\"_blank\" rel=\"noreferrer noopener\">Le CATALOGUE DES PROMOTIONS du COS58<\/a><\/strong><br>Ce catalogue, imprimable et r\u00e9guli\u00e8rement mis \u00e0 jour, reprend l\u2019ensemble des promotions du COS58.<\/p>\n<\/div><\/div>\n\n\n\n<p><\/p>\n\n\n\n<div class=\"wp-block-media-text is-stacked-on-mobile\" style=\"grid-template-columns:25% auto\"><figure class=\"wp-block-media-text__media\"><a href=\"http:\/\/8790639.cos58.fr\/wp-content\/uploads\/2026\/01\/COS58_GUIDE-DES-PRESTATIONS_2026.pdf\" target=\"_blank\" rel=\" noreferrer noopener\"><img loading=\"lazy\" decoding=\"async\" width=\"326\" height=\"444\" src=\"http:\/\/8790639.cos58.fr\/wp-content\/uploads\/2025\/06\/guide-des-presta.png\" alt=\"\" class=\"wp-image-3703 size-full\" srcset=\"http:\/\/8790639.cos58.fr\/wp-content\/uploads\/2025\/06\/guide-des-presta.png 326w, http:\/\/8790639.cos58.fr\/wp-content\/uploads\/2025\/06\/guide-des-presta-220x300.png 220w\" sizes=\"auto, (max-width: 326px) 100vw, 326px\" \/><\/a><\/figure><div class=\"wp-block-media-text__content\">\n<p><br><strong><a href=\"http:\/\/8790639.cos58.fr\/wp-content\/uploads\/2026\/01\/COS58_GUIDE-DES-PRESTATIONS_2026.pdf\" target=\"_blank\" rel=\"noreferrer noopener\">Le GUIDE DES PRESTATIONS du COS58<\/a><\/strong><br>Ce guide reprend l\u2019ensemble des prestations propos\u00e9es par le COS58 et d\u00e9taille la marche \u00e0 suivre pour les obtenir.<\/p>\n<\/div><\/div>\n<\/div>\n<\/div>\n\n\n\n<div class=\"wp-block-buttons is-horizontal is-content-justification-right is-layout-flex wp-container-core-buttons-is-layout-ae2fe186 wp-block-buttons-is-layout-flex\">\n<div class=\"wp-block-button has-custom-font-size\" style=\"font-size:10px\"><a class=\"wp-block-button__link wp-element-button\" href=\"#HAUT\">HAUT<\/a><\/div>\n<\/div>\n\n\n\n<p><br><span class=\"has-inline-color has-ast-global-color-5-color\">&#8211;<\/span><\/p>\n\n\n\n<p><\/p>\n","protected":false},"excerpt":{"rendered":"<p>&#8211; Bonjour \u00e0 tous, Nous sommes tr\u00e8s fiers depuis 44 ans de tisser sans rel\u00e2che des liens fort entre les personnes, les familles et les institutions. Les membres du COS 58 souhaitent une excellente rentr\u00e9e \u00e0 tous les \u00e9l\u00e8ves de maternelle et de primaire, aux coll\u00e9giens et lyc\u00e9ens, aux \u00e9tudiants ainsi qu\u2019\u00e0 toutes celles et &hellip;<\/p>\n<p class=\"read-more\"> <a class=\"\" href=\"http:\/\/8790639.cos58.fr\/\"> <span class=\"screen-reader-text\">Accueil<\/span> Lire la suite\u00a0\u00bb<\/a><\/p>\n","protected":false},"author":1,"featured_media":0,"parent":0,"menu_order":0,"comment_status":"closed","ping_status":"closed","template":"","meta":{"site-sidebar-layout":"default","site-content-layout":"default","ast-main-header-display":"","ast-hfb-above-header-display":"","ast-hfb-below-header-display":"","ast-hfb-mobile-header-display":"","site-post-title":"disabled","ast-breadcrumbs-content":"","ast-featured-img":"","footer-sml-layout":"","theme-transparent-header-meta":"","adv-header-id-meta":"","stick-header-meta":"","header-above-stick-meta":"","header-main-stick-meta":"","header-below-stick-meta":"","footnotes":""},"class_list":["post-292","page","type-page","status-publish","hentry"],"_links":{"self":[{"href":"http:\/\/8790639.cos58.fr\/index.php?rest_route=\/wp\/v2\/pages\/292","targetHints":{"allow":["GET"]}}],"collection":[{"href":"http:\/\/8790639.cos58.fr\/index.php?rest_route=\/wp\/v2\/pages"}],"about":[{"href":"http:\/\/8790639.cos58.fr\/index.php?rest_route=\/wp\/v2\/types\/page"}],"author":[{"embeddable":true,"href":"http:\/\/8790639.cos58.fr\/index.php?rest_route=\/wp\/v2\/users\/1"}],"replies":[{"embeddable":true,"href":"http:\/\/8790639.cos58.fr\/index.php?rest_route=%2Fwp%2Fv2%2Fcomments&post=292"}],"version-history":[{"count":255,"href":"http:\/\/8790639.cos58.fr\/index.php?rest_route=\/wp\/v2\/pages\/292\/revisions"}],"predecessor-version":[{"id":4247,"href":"http:\/\/8790639.cos58.fr\/index.php?rest_route=\/wp\/v2\/pages\/292\/revisions\/4247"}],"wp:attachment":[{"href":"http:\/\/8790639.cos58.fr\/index.php?rest_route=%2Fwp%2Fv2%2Fmedia&parent=292"}],"curies":[{"name":"wp","href":"https:\/\/api.w.org\/{rel}","templated":true}]}}