{"id":1984,"date":"2022-02-09T15:31:29","date_gmt":"2022-02-09T14:31:29","guid":{"rendered":"http:\/\/8790639.cos58.fr\/?page_id=1984"},"modified":"2026-03-25T10:57:23","modified_gmt":"2026-03-25T09:57:23","slug":"reseau","status":"publish","type":"page","link":"http:\/\/8790639.cos58.fr\/?page_id=1984","title":{"rendered":"COS, Le R\u00e9seau"},"content":{"rendered":"\n<figure class=\"wp-block-image aligncenter size-full\" id=\"HAUT\"><a href=\"http:\/\/8790639.cos58.fr\/\"><img loading=\"lazy\" decoding=\"async\" width=\"1200\" height=\"208\" src=\"http:\/\/8790639.cos58.fr\/wp-content\/uploads\/2024\/06\/HEADER_RESEAU-2.gif\" alt=\"\" class=\"wp-image-3035\"\/><\/a><\/figure>\n\n\n\n<div class=\"wp-block-buttons is-horizontal is-content-justification-center is-layout-flex wp-container-core-buttons-is-layout-499968f5 wp-block-buttons-is-layout-flex\">\n<div class=\"wp-block-button is-style-fill\"><a class=\"wp-block-button__link has-ast-global-color-8-color has-text-color has-background wp-element-button\" href=\"http:\/\/8790639.cos58.fr\/\" style=\"border-radius:3px;background-color:#b0418f\">Accueil<\/a><\/div>\n\n\n\n<div class=\"wp-block-button is-style-fill\"><a class=\"wp-block-button__link has-ast-global-color-8-color has-text-color has-background wp-element-button\" href=\"http:\/\/8790639.cos58.fr\/?page_id=297\" style=\"border-radius:3px;background-color:#c4d024\">Voyages<\/a><\/div>\n\n\n\n<div class=\"wp-block-button is-style-fill\"><a class=\"wp-block-button__link has-ast-global-color-8-color has-text-color has-background wp-element-button\" href=\"http:\/\/8790639.cos58.fr\/?page_id=303\" style=\"border-radius:3px;background-color:#e10d7b\">Vacances<\/a><\/div>\n\n\n\n<div class=\"wp-block-button is-style-fill\"><a class=\"wp-block-button__link has-ast-global-color-8-color has-text-color has-background wp-element-button\" href=\"http:\/\/8790639.cos58.fr\/?page_id=308\" style=\"border-radius:3px;background-color:#74c6cd\">No\u00ebl<\/a><\/div>\n\n\n\n<div class=\"wp-block-button is-style-fill\"><a class=\"wp-block-button__link has-ast-global-color-8-color has-text-color has-background wp-element-button\" href=\"http:\/\/8790639.cos58.fr\/?page_id=2\" style=\"border-radius:3px;background-color:#febf10\">Culture &amp; Loisirs<\/a><\/div>\n\n\n\n<div class=\"wp-block-button\"><a class=\"wp-block-button__link has-ast-global-color-8-color has-text-color has-background wp-element-button\" href=\"http:\/\/8790639.cos58.fr\/?page_id=312\" style=\"border-radius:3px;background-color:#93c83e\">Partenaires<\/a><\/div>\n\n\n\n<div class=\"wp-block-button\"><a class=\"wp-block-button__link has-ast-global-color-8-color has-text-color has-background wp-element-button\" href=\"http:\/\/8790639.cos58.fr\/?page_id=315\" style=\"border-radius:3px;background-color:#f1a8be\">Promos<\/a><\/div>\n\n\n\n<div class=\"wp-block-button\"><a class=\"wp-block-button__link has-ast-global-color-8-color has-ast-global-color-5-background-color has-text-color has-background wp-element-button\" href=\"http:\/\/8790639.cos58.fr\/?page_id=1984\" style=\"border-radius:3px\">COS Le R\u00e9seau<\/a><\/div>\n\n\n\n<div class=\"wp-block-button\"><a class=\"wp-block-button__link has-ast-global-color-8-color has-text-color has-background wp-element-button\" href=\"http:\/\/8790639.cos58.fr\/?page_id=318\" style=\"border-radius:3px;background-color:#0098a0\">Prestations Sociales<\/a><\/div>\n\n\n\n<div class=\"wp-block-button is-style-fill\"><a class=\"wp-block-button__link has-ast-global-color-8-color has-text-color has-background wp-element-button\" href=\"http:\/\/8790639.cos58.fr\/?page_id=321\" style=\"border-radius:3px;background-color:#43a648\"><mark style=\"background-color:rgba(0, 0, 0, 0);color:#43a648\" class=\"has-inline-color\">.<\/mark>A.G.<\/a><\/div>\n\n\n\n<div class=\"wp-block-button is-style-fill\"><a class=\"wp-block-button__link has-ast-global-color-8-color has-text-color has-background wp-element-button\" href=\"http:\/\/8790639.cos58.fr\/?page_id=324\" style=\"border-radius:3px;background-color:#8cc9b7\">Retrait\u00e9s et Elus<\/a><\/div>\n<\/div>\n\n\n\n<p><br><\/p>\n\n\n\n<h3 class=\"wp-block-heading has-text-align-center\" id=\"inscription-voyage-a-versailles-samedi-25-juin-2022\"><span style=\"background-color: rgba(0, 0, 0, 0);\"><b><mark style=\"background-color: rgba(0, 0, 0, 0);color:#ec4343\" class=\"has-inline-color\">COS, Le R\u00e9seau<\/mark><\/b><\/span><\/h3>\n\n\n\n<div class=\"wp-block-media-text alignwide is-vertically-aligned-top\" style=\"grid-template-columns:15% auto\"><figure class=\"wp-block-media-text__media\"><img loading=\"lazy\" decoding=\"async\" width=\"316\" height=\"112\" src=\"http:\/\/8790639.cos58.fr\/wp-content\/uploads\/2023\/06\/reseauCOS.png\" alt=\"\" class=\"wp-image-2488 size-full\" srcset=\"http:\/\/8790639.cos58.fr\/wp-content\/uploads\/2023\/06\/reseauCOS.png 316w, http:\/\/8790639.cos58.fr\/wp-content\/uploads\/2023\/06\/reseauCOS-300x106.png 300w\" sizes=\"auto, (max-width: 316px) 100vw, 316px\" \/><\/figure><div class=\"wp-block-media-text__content\">\n<p>Le COS58 adh\u00e8re au <strong>RESEAU NATIONAL DES COS<\/strong> form\u00e9 par Le COS 19, le COS 38, le COS 44, le COS NORMAND (ex CDAS50), le COS 58, le COS 87 et le COS Pays Basque. Celui-ci n\u00e9gocie pour ses membres des partenariats pour les vacances, les loisirs, le quotidien pour l\u2019ensemble de leurs agents b\u00e9n\u00e9ficiaires.<\/p>\n<\/div><\/div>\n\n\n\n<p class=\"has-normal-font-size\"><strong>Pour toute info suppl\u00e9mentaire <a href=\"#BAS\" data-type=\"internal\" data-id=\"#BAS\">contactez nous<\/a> !<\/strong><\/p>\n\n\n\n<figure class=\"wp-block-image size-full\"><img loading=\"lazy\" decoding=\"async\" width=\"1200\" height=\"20\" src=\"http:\/\/8790639.cos58.fr\/wp-content\/uploads\/2024\/06\/MIL-HT_RES-1.gif\" alt=\"\" class=\"wp-image-3036\"\/><\/figure>\n\n\n\n<h4 class=\"wp-block-heading\"><strong><mark style=\"background-color:rgba(0, 0, 0, 0);color:#ec4343\" class=\"has-inline-color\">&gt;<\/mark> LE GUIDE DES PRESTATAIRE :<\/strong><\/h4>\n\n\n\n<p>Le document ci dessous est r\u00e9guli\u00e8rement mis \u00e0 jour. Vous y trouverez l&rsquo;ensemble des offres de nos partenaires.<\/p>\n\n\n\n<div class=\"wp-block-buttons is-layout-flex wp-block-buttons-is-layout-flex\">\n<div class=\"wp-block-button\"><a class=\"wp-block-button__link wp-element-button\" href=\"http:\/\/8790639.cos58.fr\/wp-content\/uploads\/2026\/03\/260317_Livret_Partenaires_Reseau_2026.pdf\" target=\"_blank\" rel=\"noreferrer noopener\">D\u00e9couvrir le Guide des Prestataires<\/a><\/div>\n<\/div>\n\n\n\n<p><\/p>\n\n\n\n<h4 class=\"wp-block-heading\"><mark style=\"background-color:rgba(0, 0, 0, 0);color:#ef4136\" class=\"has-inline-color\">&#8230;&#8230;&#8230;&#8230;&#8230;&#8230;&#8230;&#8230;&#8230;&#8230;&#8230;&#8230;&#8230;&#8230;&#8230;&#8230;&#8230;&#8230;&#8230;&#8230;&#8230;&#8230;&#8230;&#8230;&#8230;&#8230;&#8230;&#8230;&#8230;.<\/mark><br><br><br><strong><strong><mark style=\"background-color:rgba(0, 0, 0, 0);color:#ec4343\" class=\"has-inline-color\">&gt;<\/mark> LE GUIDE JEUNESSE :<\/strong><\/strong><\/h4>\n\n\n\n<p>Le document ci dessous est r\u00e9guli\u00e8rement mis \u00e0 jour. Vous y trouverez des prestataires d\u2019activit\u00e9s de vacances pour les jeunes (ex : s\u00e9jours linguistiques) et de l\u2019information sur des dispositifs en faveur des vacances des jeunes (Pass Colo, \u00ab D\u00e9part 18 :25 \u00bb de l\u2019ANCV\u2026) dont les COS peuvent se faire le relais aupr\u00e8s de leurs b\u00e9n\u00e9ficiaires.<\/p>\n\n\n\n<div class=\"wp-block-buttons is-layout-flex wp-block-buttons-is-layout-flex\">\n<div class=\"wp-block-button\"><a class=\"wp-block-button__link wp-element-button\" href=\"http:\/\/8790639.cos58.fr\/wp-content\/uploads\/2026\/01\/COS58_CATALOGUE-DES-PROMOTIONS_2025__07Bz-260112_Livret_Partenaire_Jeunesse_-Reseau_2026.pdf\" target=\"_blank\" rel=\"noreferrer noopener\">D\u00e9couvrir le Guide Jeunesse<\/a><\/div>\n<\/div>\n\n\n\n<p><\/p>\n\n\n\n<h4 class=\"wp-block-heading\"><mark style=\"background-color:rgba(0, 0, 0, 0);color:#ef4136\" class=\"has-inline-color\">&#8230;&#8230;&#8230;&#8230;&#8230;&#8230;&#8230;&#8230;&#8230;&#8230;&#8230;&#8230;&#8230;&#8230;&#8230;&#8230;&#8230;&#8230;&#8230;&#8230;&#8230;&#8230;&#8230;&#8230;&#8230;&#8230;&#8230;&#8230;&#8230;.<\/mark><br><br><br><strong><strong><mark style=\"background-color:rgba(0, 0, 0, 0);color:#ec4343\" class=\"has-inline-color\">&gt;<\/mark> OFFRES PONCTUELLES :<\/strong><\/strong><\/h4>\n\n\n\n<p><strong>EASIALY &gt;<\/strong> <strong><mark style=\"background-color:#ef4136\" class=\"has-inline-color has-ast-global-color-5-color\"><strong><mark style=\"background-color:#ef4136;color:#ef4136\" class=\"has-inline-color\">&#8211;<\/mark><\/strong>LE KIOSQUE PRESSE<strong><mark style=\"background-color:#ef4136;color:#ef4136\" class=\"has-inline-color\">&#8211;<\/mark><\/strong><\/mark> <mark style=\"background-color:rgba(0, 0, 0, 0);color:#ef4136\" class=\"has-inline-color\"><strong><mark style=\"background-color:rgba(0, 0, 0, 0);color:#ef4136\" class=\"has-inline-color\">JUSQU&rsquo;AU 31 JUILLET 2026<\/mark><\/strong><\/mark><\/strong> <strong><mark style=\"background-color:rgba(0, 0, 0, 0);color:#ec4343\" class=\"has-inline-color\">&gt;<\/mark> <\/strong>Des magasines qui vous accompagnent tout au long de l&rsquo;ann\u00e9e !<br><strong><mark style=\"background-color:rgba(0, 0, 0, 0);color:#ef4136\" class=\"has-inline-color\">&gt;<\/mark><\/strong> <a href=\"https:\/\/www.easialy.fr\/home?code=30152504047&amp;r=1\" target=\"_blank\" rel=\"noreferrer noopener\"><strong>Lien d&rsquo;acc\u00e8s \u00e0 la page partenaire du R\u00e9seau ici<\/strong><\/a> avec le code partenaire :  <strong><mark style=\"background-color:var(--ast-global-color-5);color:#ef4136\" class=\"has-inline-color\">30152504047<\/mark><\/strong><\/p>\n\n\n\n<div class=\"wp-block-buttons is-layout-flex wp-block-buttons-is-layout-flex\">\n<div class=\"wp-block-button\"><a class=\"wp-block-button__link wp-element-button\" href=\"http:\/\/8790639.cos58.fr\/wp-content\/uploads\/2026\/02\/2026_CATALOGUE_EASIALY_SEMESTRE1.pdf\" target=\"_blank\" rel=\"noreferrer noopener\">D\u00e9couvrir LE CATALOGUE EASIALY<\/a><\/div>\n\n\n\n<div class=\"wp-block-button\"><a class=\"wp-block-button__link wp-element-button\" href=\"http:\/\/8790639.cos58.fr\/wp-content\/uploads\/2026\/02\/2026_BDC_EASIALY_SEMESTRE1.pdf\" target=\"_blank\" rel=\"noreferrer noopener\">Bon de commande<\/a><\/div>\n<\/div>\n\n\n\n<p><\/p>\n\n\n\n<p><mark style=\"background-color:rgba(0, 0, 0, 0);color:#ef4136\" class=\"has-inline-color\">&#8230;&#8230;&#8230;&#8230;&#8230;&#8230;&#8230;&#8230;&#8230;&#8230;&#8230;&#8230;&#8230;&#8230;&#8230;&#8230;&#8230;&#8230;&#8230;&#8230;&#8230;&#8230;&#8230;&#8230;&#8230;&#8230;&#8230;&#8230;&#8230;.<\/mark><\/p>\n\n\n\n<p><strong>CLUB AUTO &gt;<\/strong> <strong><mark style=\"background-color:#ef4136\" class=\"has-inline-color has-ast-global-color-5-color\"><strong><mark style=\"background-color:#ef4136;color:#ef4136\" class=\"has-inline-color\">&#8211;<\/mark><\/strong>LES OFFRES IRR\u00c9SISTIBLES :<strong><mark style=\"background-color:#ef4136;color:#ef4136\" class=\"has-inline-color\">&#8211;<\/mark><\/strong><\/mark> <mark style=\"background-color:rgba(0, 0, 0, 0);color:#ef4136\" class=\"has-inline-color\">JUSQU&rsquo;AU 31 AO\u00dbT 2026<\/mark><\/strong> <strong><mark style=\"background-color:rgba(0, 0, 0, 0);color:#ec4343\" class=\"has-inline-color\">&gt;<\/mark><\/strong> <strong>Jusqu\u2019\u00e0 40% d&rsquo;\u00e9conomie !<\/strong><\/p>\n\n\n\n<div class=\"wp-block-buttons is-layout-flex wp-block-buttons-is-layout-flex\">\n<div class=\"wp-block-button\"><a class=\"wp-block-button__link wp-element-button\" href=\"http:\/\/8790639.cos58.fr\/wp-content\/uploads\/2025\/11\/2510_ClubAuto-Cos-5472x3648-1.pdf\" target=\"_blank\" rel=\"noreferrer noopener\">D\u00e9couvrir LES OFFRES IRR\u00c9SISTIBLES &#8211; CLUB AUTO<\/a><\/div>\n<\/div>\n\n\n\n<p><\/p>\n\n\n\n<p><mark style=\"background-color:rgba(0, 0, 0, 0);color:#ef4136\" class=\"has-inline-color\">&#8230;&#8230;&#8230;&#8230;&#8230;&#8230;&#8230;&#8230;&#8230;&#8230;&#8230;&#8230;&#8230;&#8230;&#8230;&#8230;&#8230;&#8230;&#8230;&#8230;&#8230;&#8230;&#8230;&#8230;&#8230;&#8230;&#8230;&#8230;&#8230;.<\/mark><\/p>\n\n\n\n<p><strong>SUPERNOVA &gt;<\/strong> <strong><mark style=\"background-color:#ef4136\" class=\"has-inline-color has-ast-global-color-5-color\"><strong><mark style=\"background-color:#ef4136;color:#ef4136\" class=\"has-inline-color\">&#8211;<\/mark><\/strong>BONS PLANS \u00c9T<strong><mark style=\"background-color:#ef4136\" class=\"has-inline-color has-ast-global-color-5-color\">\u00c9<\/mark><\/strong> 2026 :<strong><mark style=\"background-color:#ef4136;color:#ef4136\" class=\"has-inline-color\">&#8211;<\/mark><\/strong><\/mark> <mark style=\"background-color:rgba(0, 0, 0, 0);color:#ef4136\" class=\"has-inline-color\">JUSQU&rsquo;AU 31 AO\u00dbT 2026<\/mark><\/strong> <strong><mark style=\"background-color:rgba(0, 0, 0, 0);color:#ec4343\" class=\"has-inline-color\">&gt;<\/mark><\/strong> <strong>Jusqu\u2019\u00e0 80% de r\u00e9ductions<\/strong> pour les colonies de vacances !<br><strong><mark style=\"background-color:rgba(0, 0, 0, 0);color:#ef4136\" class=\"has-inline-color\">&gt;<\/mark><\/strong> Le code partenaire <strong><mark style=\"background-color:var(--ast-global-color-5);color:#ef4136\" class=\"has-inline-color\">SPNRESEAUCOS<\/mark><\/strong> <strong>donne droit \u00e0 8% de remise<\/strong>.<\/p>\n\n\n\n<div class=\"wp-block-buttons is-layout-flex wp-block-buttons-is-layout-flex\">\n<div class=\"wp-block-button\"><a class=\"wp-block-button__link wp-element-button\" href=\"https:\/\/supernova-juniors.com\/colonies-de-vacances-bon-plan\" target=\"_blank\" rel=\"noreferrer noopener\">D\u00e9couvrir LES BONS PLANS \u00c9T\u00c9 &#8211; SUPERNOVA<\/a><\/div>\n<\/div>\n\n\n\n<p><\/p>\n\n\n\n<p><mark style=\"background-color:rgba(0, 0, 0, 0);color:#ef4136\" class=\"has-inline-color\">&#8230;&#8230;&#8230;&#8230;&#8230;&#8230;&#8230;&#8230;&#8230;&#8230;&#8230;&#8230;&#8230;&#8230;&#8230;&#8230;&#8230;&#8230;&#8230;&#8230;&#8230;&#8230;&#8230;&#8230;&#8230;&#8230;&#8230;&#8230;&#8230;.<\/mark><\/p>\n\n\n\n<p><strong>C\u00c9V\u00c9O &gt;<\/strong> <strong><mark style=\"background-color:#ef4136\" class=\"has-inline-color has-ast-global-color-5-color\"><strong><mark style=\"background-color:#ef4136;color:#ef4136\" class=\"has-inline-color\">&#8211;<\/mark><\/strong>SEJOURS PRINTEMPS ETE 2026<strong><mark style=\"background-color:#ef4136;color:#ef4136\" class=\"has-inline-color\">&#8211;<\/mark><\/strong><\/mark> <mark style=\"background-color:rgba(0, 0, 0, 0);color:#ef4136\" class=\"has-inline-color\">JUSQU&rsquo;AU 01 NOVEMBRE 2026<\/mark><\/strong> <strong><mark style=\"background-color:rgba(0, 0, 0, 0);color:#ec4343\" class=\"has-inline-color\">&gt;<\/mark><\/strong> Des vacances pour tous \u00e0 prix r\u00e9duits !<\/p>\n\n\n\n<div class=\"wp-block-buttons is-layout-flex wp-block-buttons-is-layout-flex\">\n<div class=\"wp-block-button\"><a class=\"wp-block-button__link wp-element-button\" href=\"https:\/\/www.ceveo.com\/sites\/default\/files\/2025-12\/Brochure%20CEVEO%20ETE%202026-web_0.pdf\" target=\"_blank\" rel=\"noreferrer noopener\">D\u00e9couvrir la brochure \u00c9T\u00c9 2026 &#8211; C\u00c9V\u00c9O<\/a><\/div>\n<\/div>\n\n\n\n<p><\/p>\n\n\n\n<p><mark style=\"background-color:rgba(0, 0, 0, 0);color:#ef4136\" class=\"has-inline-color\">&#8230;&#8230;&#8230;&#8230;&#8230;&#8230;&#8230;&#8230;&#8230;&#8230;&#8230;&#8230;&#8230;&#8230;&#8230;&#8230;&#8230;&#8230;&#8230;&#8230;&#8230;&#8230;&#8230;&#8230;&#8230;&#8230;&#8230;&#8230;&#8230;.<\/mark><\/p>\n\n\n\n<p><strong>SANDAYA &gt;<\/strong> <strong><mark style=\"background-color:#ef4136\" class=\"has-inline-color has-ast-global-color-5-color\"><strong><mark style=\"background-color:#ef4136;color:#ef4136\" class=\"has-inline-color\">&#8211;<\/mark><\/strong>OFFRE EARLY BOOKING :<strong><mark style=\"background-color:#ef4136;color:#ef4136\" class=\"has-inline-color\">&#8211;<\/mark><\/strong><\/mark> <mark style=\"background-color:rgba(0, 0, 0, 0);color:#ef4136\" class=\"has-inline-color\"><strong><mark style=\"background-color:rgba(0, 0, 0, 0);color:#ef4136\" class=\"has-inline-color\"><strong><mark style=\"background-color:rgba(0, 0, 0, 0);color:#ef4136\" class=\"has-inline-color\">JUSQU&rsquo;AU 31<\/mark><\/strong><\/mark><\/strong> DECEMBRE 2026<\/mark><\/strong> <strong><mark style=\"background-color:rgba(0, 0, 0, 0);color:#ec4343\" class=\"has-inline-color\">&gt;<\/mark><\/strong> &nbsp;<strong>Jusqu\u2019\u00e0 -20% suppl\u00e9mentaires <\/strong>en haute comme<br>basse saison avec L&rsquo;option Libert\u00e9 offerte !<\/p>\n\n\n\n<div class=\"wp-block-buttons is-layout-flex wp-block-buttons-is-layout-flex\">\n<div class=\"wp-block-button\"><a class=\"wp-block-button__link wp-element-button\" href=\"https:\/\/www.sandaya.fr\/promotions-et-offres-speciales\/do-you-first\" target=\"_blank\" rel=\"noreferrer noopener\">D\u00e9couvrir l&rsquo;OFFRE EARLY BOOKING &#8211; SANDAYA<\/a><\/div>\n<\/div>\n\n\n\n<p><\/p>\n\n\n\n<p><br><\/p>\n\n\n\n<figure class=\"wp-block-image aligncenter size-full\"><img loading=\"lazy\" decoding=\"async\" width=\"1200\" height=\"20\" src=\"http:\/\/8790639.cos58.fr\/wp-content\/uploads\/2024\/06\/MIL-BS_RES-1.gif\" alt=\"\" class=\"wp-image-3037\"\/><\/figure>\n\n\n\n<div class=\"wp-block-buttons is-horizontal is-content-justification-right is-layout-flex wp-container-core-buttons-is-layout-ae2fe186 wp-block-buttons-is-layout-flex\">\n<div class=\"wp-block-button has-custom-font-size\" style=\"font-size:10px\"><a class=\"wp-block-button__link wp-element-button\" href=\"#HAUT\">HAUT<\/a><\/div>\n<\/div>\n\n\n\n<p><\/p>\n\n\n\n<figure class=\"wp-block-image size-full\"><img loading=\"lazy\" decoding=\"async\" width=\"1200\" height=\"20\" src=\"http:\/\/8790639.cos58.fr\/wp-content\/uploads\/2024\/06\/MIL-HT_RES-1.gif\" alt=\"\" class=\"wp-image-3036\"\/><\/figure>\n\n\n\n<h4 class=\"wp-block-heading has-text-align-center\"><mark style=\"background-color:rgba(0, 0, 0, 0);color:#ec4343\" class=\"has-inline-color\">Retour sur <\/mark><strong><mark style=\"background-color:rgba(0, 0, 0, 0);color:#ec4343\" class=\"has-inline-color\">LES JOURNEES DU RESEAU <\/mark><\/strong><mark style=\"background-color:rgba(0, 0, 0, 0);color:#ec4343\" class=\"has-inline-color\">13, 14 &amp; 15 Mai 2025<\/mark> <\/h4>\n\n\n\n<p>Les 13, 14 et 15 mai derniers, le COS 58 a accueilli les membres du R\u00e9seau National des COS pour l&rsquo;organisation des <strong>\u00ab\u00a0Journ\u00e9es du R\u00e9seau<\/strong>\u00a0\u00bb et l&rsquo;Assembl\u00e9e G\u00e9n\u00e9rale de l\u2019association.<br>Des d\u00e9l\u00e9gations compos\u00e9es par des \u00e9lus et des \u00e9quipes administratives des Cos de la Ni\u00e8vre, de la Loire Atlantique, de la Manche, des Pays Basque, de la Haute Vienne, de la Corr\u00e8ze, et de l&rsquo;Is\u00e8re \u00e9taient pr\u00e9sentes.<\/p>\n\n\n\n<p>Madame Laurence BRUN <em>Pr\u00e9sidente du COS 58<\/em>, Monsieur Philip SQUELARD <em>Pr\u00e9sident du R\u00e9seau National des COS et du Centre de Gestion de Loire Atlantique<\/em> ainsi qu&rsquo;une d\u00e9l\u00e9gation d&rsquo;\u00e9lus et de salari\u00e9s des COS repr\u00e9sent\u00e9s ont pris part \u00e0 des ateliers men\u00e9s avec un grand professionnalisme par Mme Elsa CARDINAL charg\u00e9e de mission du R\u00e9seau National des COS.<br>Les ateliers portaient sur :<br><mark style=\"font-weight: bold; background-color: rgba(0, 0, 0, 0); color: rgb(239, 65, 54);\" class=\"has-inline-color\">&#8211;<\/mark> la mesure de l&rsquo;impact \u00e9conomique et social des COS (restauration des questionnaires parvenu dans les collectivit\u00e9s qui fait suite \u00e0 une ann\u00e9e de formation collective),<br><mark style=\"font-weight: bold; background-color: rgba(0, 0, 0, 0); color: rgb(239, 65, 54);\" class=\"has-inline-color\">&#8211;<\/mark> les prestataires et prestations mutualis\u00e9s 2026,<br><mark style=\"font-weight: bold; background-color: rgba(0, 0, 0, 0); color: rgb(239, 65, 54);\" class=\"has-inline-color\">&#8211;<\/mark> le mod\u00e8le \u00e9conomique et d\u00e9veloppement des COS : retour d&rsquo;exp\u00e9rience des COS,<br><mark style=\"font-weight: bold; background-color: rgba(0, 0, 0, 0); color: rgb(239, 65, 54);\" class=\"has-inline-color\">&#8211;<\/mark> les strat\u00e9gies et pratiques \u00e0 envisager pour am\u00e9liorer le recours aux prestations du COS.<\/p>\n\n\n\n<p>Les fins de journ\u00e9es ont \u00e9t\u00e9 ponctu\u00e9es par des visites guid\u00e9es du patrimoine nivernais (ville de Nevers et Mus\u00e9e de la Fa\u00efence).<\/p>\n\n\n\n<p>Le R\u00e9seau, c\u2019est un puit d\u2019enrichissement, pour que notre COS puisse continuer \u00e0 grandir et \u00e0 s\u2019am\u00e9liorer pour toujours mieux vous servir. La BIENVEILLANCE est aussi le ma\u00eetre mot des acteurs du R\u00e9seau.<br><strong>Nous remercions chaleureusement l&rsquo;ensemble des participants de tous les COS pour ces journ\u00e9es tr\u00e8s enrichissantes.<\/strong> Tous ces \u00e9changes nous permettent d\u2019\u00e9voluer&nbsp;!<\/p>\n\n\n\n<p><strong><mark style=\"background-color:rgba(0, 0, 0, 0);color:#ec4343\" class=\"has-inline-color\">&gt;<\/mark><mark style=\"background-color:rgba(0, 0, 0, 0);color:#000000\" class=\"has-inline-color\"> <\/mark><\/strong><a href=\"http:\/\/8790639.cos58.fr\/wp-content\/uploads\/2025\/06\/JDC-14-06-2025-LE-RESEAU-DES-COS-A-NEVERS.pdf\" target=\"_blank\" rel=\"noreferrer noopener\"><mark style=\"background-color:rgba(0, 0, 0, 0);color:#ef4136\" class=\"has-inline-color\">Lire l&rsquo;article des Journ\u00e9es du R\u00e9seau du<strong> Journal du Centre du 14 Juin 2025<\/strong> ici<\/mark><\/a><\/p>\n\n\n\n<figure class=\"wp-block-gallery has-nested-images columns-3 is-cropped wp-block-gallery-1 is-layout-flex wp-block-gallery-is-layout-flex\">\n<figure class=\"wp-block-image size-large\"><img loading=\"lazy\" decoding=\"async\" width=\"1024\" height=\"771\" data-id=\"3661\" src=\"http:\/\/8790639.cos58.fr\/wp-content\/uploads\/2025\/05\/4-1024x771.jpg\" alt=\"\" class=\"wp-image-3661\" srcset=\"http:\/\/8790639.cos58.fr\/wp-content\/uploads\/2025\/05\/4-1024x771.jpg 1024w, http:\/\/8790639.cos58.fr\/wp-content\/uploads\/2025\/05\/4-300x226.jpg 300w, http:\/\/8790639.cos58.fr\/wp-content\/uploads\/2025\/05\/4-768x578.jpg 768w, http:\/\/8790639.cos58.fr\/wp-content\/uploads\/2025\/05\/4-1536x1157.jpg 1536w, http:\/\/8790639.cos58.fr\/wp-content\/uploads\/2025\/05\/4.jpg 1556w\" sizes=\"auto, (max-width: 1024px) 100vw, 1024px\" \/><\/figure>\n\n\n\n<figure class=\"wp-block-image size-large\"><img loading=\"lazy\" decoding=\"async\" width=\"1024\" height=\"758\" data-id=\"3657\" src=\"http:\/\/8790639.cos58.fr\/wp-content\/uploads\/2025\/05\/1-1024x758.jpg\" alt=\"\" class=\"wp-image-3657\" srcset=\"http:\/\/8790639.cos58.fr\/wp-content\/uploads\/2025\/05\/1-1024x758.jpg 1024w, http:\/\/8790639.cos58.fr\/wp-content\/uploads\/2025\/05\/1-300x222.jpg 300w, http:\/\/8790639.cos58.fr\/wp-content\/uploads\/2025\/05\/1-768x568.jpg 768w, http:\/\/8790639.cos58.fr\/wp-content\/uploads\/2025\/05\/1-1536x1137.jpg 1536w, http:\/\/8790639.cos58.fr\/wp-content\/uploads\/2025\/05\/1.jpg 2000w\" sizes=\"auto, (max-width: 1024px) 100vw, 1024px\" \/><\/figure>\n\n\n\n<figure class=\"wp-block-image size-large\"><img loading=\"lazy\" decoding=\"async\" width=\"1024\" height=\"768\" data-id=\"3659\" src=\"http:\/\/8790639.cos58.fr\/wp-content\/uploads\/2025\/05\/3-1024x768.jpg\" alt=\"\" class=\"wp-image-3659\" srcset=\"http:\/\/8790639.cos58.fr\/wp-content\/uploads\/2025\/05\/3-1024x768.jpg 1024w, http:\/\/8790639.cos58.fr\/wp-content\/uploads\/2025\/05\/3-300x225.jpg 300w, http:\/\/8790639.cos58.fr\/wp-content\/uploads\/2025\/05\/3-768x576.jpg 768w, http:\/\/8790639.cos58.fr\/wp-content\/uploads\/2025\/05\/3-1536x1152.jpg 1536w, http:\/\/8790639.cos58.fr\/wp-content\/uploads\/2025\/05\/3.jpg 2000w\" sizes=\"auto, (max-width: 1024px) 100vw, 1024px\" \/><\/figure>\n\n\n\n<figure class=\"wp-block-image size-large\"><img loading=\"lazy\" decoding=\"async\" width=\"1024\" height=\"769\" data-id=\"3658\" src=\"http:\/\/8790639.cos58.fr\/wp-content\/uploads\/2025\/05\/2-1024x769.jpg\" alt=\"\" class=\"wp-image-3658\" srcset=\"http:\/\/8790639.cos58.fr\/wp-content\/uploads\/2025\/05\/2-1024x769.jpg 1024w, http:\/\/8790639.cos58.fr\/wp-content\/uploads\/2025\/05\/2-300x225.jpg 300w, http:\/\/8790639.cos58.fr\/wp-content\/uploads\/2025\/05\/2-768x576.jpg 768w, http:\/\/8790639.cos58.fr\/wp-content\/uploads\/2025\/05\/2-1536x1153.jpg 1536w, http:\/\/8790639.cos58.fr\/wp-content\/uploads\/2025\/05\/2.jpg 2000w\" sizes=\"auto, (max-width: 1024px) 100vw, 1024px\" \/><\/figure>\n<\/figure>\n\n\n\n<figure class=\"wp-block-image aligncenter size-full\"><img loading=\"lazy\" decoding=\"async\" width=\"1200\" height=\"20\" src=\"http:\/\/8790639.cos58.fr\/wp-content\/uploads\/2024\/06\/MIL-BS_RES-1.gif\" alt=\"\" class=\"wp-image-3037\"\/><\/figure>\n\n\n\n<div class=\"wp-block-buttons is-horizontal is-content-justification-right is-layout-flex wp-container-core-buttons-is-layout-ae2fe186 wp-block-buttons-is-layout-flex\">\n<div class=\"wp-block-button has-custom-font-size\" style=\"font-size:10px\"><a class=\"wp-block-button__link wp-element-button\" href=\"#HAUT\">HAUT<\/a><\/div>\n<\/div>\n\n\n\n<p><br><span class=\"has-inline-color has-ast-global-color-5-color\">&#8211;<\/span><\/p>\n","protected":false},"excerpt":{"rendered":"<p>COS, Le R\u00e9seau Le COS58 adh\u00e8re au RESEAU NATIONAL DES COS form\u00e9 par Le COS 19, le COS 38, le COS 44, le COS NORMAND (ex CDAS50), le COS 58, le COS 87 et le COS Pays Basque. Celui-ci n\u00e9gocie pour ses membres des partenariats pour les vacances, les loisirs, le quotidien pour l\u2019ensemble de &hellip;<\/p>\n<p class=\"read-more\"> <a class=\"\" href=\"http:\/\/8790639.cos58.fr\/?page_id=1984\"> <span class=\"screen-reader-text\">COS, Le R\u00e9seau<\/span> Lire la suite\u00a0\u00bb<\/a><\/p>\n","protected":false},"author":1,"featured_media":0,"parent":0,"menu_order":0,"comment_status":"closed","ping_status":"closed","template":"","meta":{"site-sidebar-layout":"default","site-content-layout":"default","ast-main-header-display":"","ast-hfb-above-header-display":"","ast-hfb-below-header-display":"","ast-hfb-mobile-header-display":"","site-post-title":"disabled","ast-breadcrumbs-content":"","ast-featured-img":"","footer-sml-layout":"","theme-transparent-header-meta":"","adv-header-id-meta":"","stick-header-meta":"","header-above-stick-meta":"","header-main-stick-meta":"","header-below-stick-meta":"","footnotes":""},"class_list":["post-1984","page","type-page","status-publish","hentry"],"_links":{"self":[{"href":"http:\/\/8790639.cos58.fr\/index.php?rest_route=\/wp\/v2\/pages\/1984","targetHints":{"allow":["GET"]}}],"collection":[{"href":"http:\/\/8790639.cos58.fr\/index.php?rest_route=\/wp\/v2\/pages"}],"about":[{"href":"http:\/\/8790639.cos58.fr\/index.php?rest_route=\/wp\/v2\/types\/page"}],"author":[{"embeddable":true,"href":"http:\/\/8790639.cos58.fr\/index.php?rest_route=\/wp\/v2\/users\/1"}],"replies":[{"embeddable":true,"href":"http:\/\/8790639.cos58.fr\/index.php?rest_route=%2Fwp%2Fv2%2Fcomments&post=1984"}],"version-history":[{"count":151,"href":"http:\/\/8790639.cos58.fr\/index.php?rest_route=\/wp\/v2\/pages\/1984\/revisions"}],"predecessor-version":[{"id":4152,"href":"http:\/\/8790639.cos58.fr\/index.php?rest_route=\/wp\/v2\/pages\/1984\/revisions\/4152"}],"wp:attachment":[{"href":"http:\/\/8790639.cos58.fr\/index.php?rest_route=%2Fwp%2Fv2%2Fmedia&parent=1984"}],"curies":[{"name":"wp","href":"https:\/\/api.w.org\/{rel}","templated":true}]}}